{"id":9364,"date":"2020-10-16T10:11:19","date_gmt":"2020-10-16T08:11:19","guid":{"rendered":"https:\/\/lamostradevalencia.com\/entradas\/"},"modified":"2023-10-16T17:27:58","modified_gmt":"2023-10-16T15:27:58","slug":"billets","status":"publish","type":"page","link":"https:\/\/lamostradevalencia.com\/fr\/billets\/","title":{"rendered":"Billets"},"content":{"rendered":"<div class=\"wpb-content-wrapper\"><p>[vc_row css=\u00a0\u00bb.vc_custom_1602851059881{border-bottom-width: 30px !important;}\u00a0\u00bb][vc_column][vc_column_text]<\/p>\n<h2>Billets s\u00e9ances de la Mostra de Valencia-Cinema de la M\u00e9diterrann\u00e9e<\/h2>\n<p>[\/vc_column_text][\/vc_column][\/vc_row][vc_row content_placement=\u00a0\u00bbmiddle\u00a0\u00bb el_class=\u00a0\u00bblm_table_prices\u00a0\u00bb css=\u00a0\u00bb.vc_custom_1602851263952{margin-bottom: 50px !important;}\u00a0\u00bb][vc_column width=\u00a0\u00bb3\/4&Prime; offset=\u00a0\u00bbvc_col-xs-9&Prime;][vc_column_text]Billets plein tarif de la s\u00e9ance[\/vc_column_text][\/vc_column][vc_column width=\u00a0\u00bb1\/4&Prime; offset=\u00a0\u00bbvc_col-xs-3&Prime;][vc_column_text]<\/p>\n<h5 style=\"text-align: right;\">2,5 \u20ac<\/h5>\n<p>[\/vc_column_text][\/vc_column][vc_column css=\u00a0\u00bb.vc_custom_1602836333509{padding-top: 10px !important;}\u00a0\u00bb][vc_separator][\/vc_column][vc_column width=\u00a0\u00bb3\/4&Prime; offset=\u00a0\u00bbvc_col-xs-9&Prime;][vc_column_text]Abonnements de 10 s\u00e9ances[\/vc_column_text][\/vc_column][vc_column width=\u00a0\u00bb1\/4&Prime; offset=\u00a0\u00bbvc_col-xs-3&Prime;][vc_column_text]<\/p>\n<h5 style=\"text-align: right;\">20 \u20ac*<\/h5>\n<p>[\/vc_column_text][\/vc_column][vc_column css=\u00a0\u00bb.vc_custom_1602850537553{padding-top: 10px !important;padding-bottom: 10px !important;}\u00a0\u00bb][vc_separator][\/vc_column][vc_column width=\u00a0\u00bb3\/4&Prime; offset=\u00a0\u00bbvc_col-xs-9&Prime;][vc_column_text]Billets tarif r\u00e9duit d&rsquo;une s\u00e9ance (titulaire carte d&rsquo;\u00e9tudiant, carte jeune, demandeur d&#8217;emploi, personnes retrait\u00e9es ou handicap\u00e9es)[\/vc_column_text][\/vc_column][vc_column width=\u00a0\u00bb1\/4&Prime; offset=\u00a0\u00bbvc_col-xs-3&Prime;][vc_column_text]<\/p>\n<h5 style=\"text-align: right;\">1,5 \u20ac*<\/h5>\n<p>[\/vc_column_text][\/vc_column][vc_column css=\u00a0\u00bb.vc_custom_1602850577527{padding-top: 10px !important;}\u00a0\u00bb][vc_separator][\/vc_column][\/vc_row][vc_row][vc_column][vc_column_text]* L\u2019appication des tarifs r\u00e9duits ou des abonnements s\u2019effectue uniquement au guichet.<\/p>\n<p>&nbsp;<\/p>\n<p>Les billets plein tarif pour les s\u00e9ances peuvent \u00eatre achet\u00e9s online \u00e0 l\u2019avance en cliquant sur le film souhait\u00e9 ou au guichet.<\/p>\n<p>Les abonnements s&rsquo;ach\u00e8tent directement sur le guichet de Cines Babel.<\/p>\n<p>Pour acc\u00e9der aux activit\u00e9s parall\u00e8les, vous pouvez en savoir plus en cliquant dessus ou en \u00e9crivant \u00e0: <a href=\"mailto:info@lamostradevalencia.com\">info@lamostradevalencia.com<\/a>.[\/vc_column_text][\/vc_column][\/vc_row]<\/p>\n<\/div>","protected":false},"excerpt":{"rendered":"<p>[vc_row css=\u00a0\u00bb.vc_custom_1602851059881{border-bottom-width: 30px !important;}\u00a0\u00bb][vc_column][vc_column_text] Billets s\u00e9ances de la Mostra de Valencia-Cinema de la M\u00e9diterrann\u00e9e [\/vc_column_text][\/vc_column][\/vc_row][vc_row content_placement=\u00a0\u00bbmiddle\u00a0\u00bb el_class=\u00a0\u00bblm_table_prices\u00a0\u00bb css=\u00a0\u00bb.vc_custom_1602851263952{margin-bottom: 50px !important;}\u00a0\u00bb][vc_column width=\u00a0\u00bb3\/4&Prime; offset=\u00a0\u00bbvc_col-xs-9&Prime;][vc_column_text]Billets plein tarif de [&hellip;]<\/p>\n","protected":false},"author":6,"featured_media":0,"parent":0,"menu_order":0,"comment_status":"closed","ping_status":"closed","template":"","meta":{"_uag_custom_page_level_css":"","_jet_sm_ready_style":"","_jet_sm_style":"","_jet_sm_controls_values":"","_jet_sm_fonts_collection":"","_jet_sm_fonts_links":"","footnotes":""},"class_list":["post-9364","page","type-page","status-publish","hentry"],"yoast_head":"<!-- This site is optimized with the Yoast SEO plugin v27.4 - https:\/\/yoast.com\/product\/yoast-seo-wordpress\/ -->\n<title>Billets - Mostra de Val\u00e8ncia<\/title>\n<meta name=\"robots\" content=\"index, follow, max-snippet:-1, max-image-preview:large, max-video-preview:-1\" \/>\n<link rel=\"canonical\" href=\"https:\/\/lamostradevalencia.com\/fr\/billets\/\" \/>\n<meta property=\"og:locale\" content=\"fr_FR\" \/>\n<meta property=\"og:type\" content=\"article\" \/>\n<meta property=\"og:title\" content=\"Billets - Mostra de Val\u00e8ncia\" \/>\n<meta property=\"og:description\" content=\"[vc_row css=\u00a0\u00bb.vc_custom_1602851059881{border-bottom-width: 30px !important;}\u00a0\u00bb][vc_column][vc_column_text] Billets s\u00e9ances de la Mostra de Valencia-Cinema de la M\u00e9diterrann\u00e9e [\/vc_column_text][\/vc_column][\/vc_row][vc_row content_placement=\u00a0\u00bbmiddle\u00a0\u00bb el_class=\u00a0\u00bblm_table_prices\u00a0\u00bb css=\u00a0\u00bb.vc_custom_1602851263952{margin-bottom: 50px !important;}\u00a0\u00bb][vc_column width=\u00a0\u00bb3\/4&Prime; offset=\u00a0\u00bbvc_col-xs-9&Prime;][vc_column_text]Billets plein tarif de [&hellip;]\" \/>\n<meta property=\"og:url\" content=\"https:\/\/lamostradevalencia.com\/fr\/billets\/\" \/>\n<meta property=\"og:site_name\" content=\"Mostra de Val\u00e8ncia\" \/>\n<meta property=\"article:modified_time\" content=\"2023-10-16T15:27:58+00:00\" \/>\n<meta name=\"twitter:card\" content=\"summary_large_image\" \/>\n<meta name=\"twitter:label1\" content=\"Dur\u00e9e de lecture estim\u00e9e\" \/>\n\t<meta name=\"twitter:data1\" content=\"1 minute\" \/>\n<script type=\"application\/ld+json\" class=\"yoast-schema-graph\">{\"@context\":\"https:\\\/\\\/schema.org\",\"@graph\":[{\"@type\":\"WebPage\",\"@id\":\"https:\\\/\\\/lamostradevalencia.com\\\/fr\\\/billets\\\/\",\"url\":\"https:\\\/\\\/lamostradevalencia.com\\\/fr\\\/billets\\\/\",\"name\":\"Billets - Mostra de Val\u00e8ncia\",\"isPartOf\":{\"@id\":\"https:\\\/\\\/lamostradevalencia.com\\\/fr\\\/#website\"},\"datePublished\":\"2020-10-16T08:11:19+00:00\",\"dateModified\":\"2023-10-16T15:27:58+00:00\",\"breadcrumb\":{\"@id\":\"https:\\\/\\\/lamostradevalencia.com\\\/fr\\\/billets\\\/#breadcrumb\"},\"inLanguage\":\"fr-FR\",\"potentialAction\":[{\"@type\":\"ReadAction\",\"target\":[\"https:\\\/\\\/lamostradevalencia.com\\\/fr\\\/billets\\\/\"]}]},{\"@type\":\"BreadcrumbList\",\"@id\":\"https:\\\/\\\/lamostradevalencia.com\\\/fr\\\/billets\\\/#breadcrumb\",\"itemListElement\":[{\"@type\":\"ListItem\",\"position\":1,\"name\":\"Portada\",\"item\":\"https:\\\/\\\/lamostradevalencia.com\\\/fr\\\/\"},{\"@type\":\"ListItem\",\"position\":2,\"name\":\"Billets\"}]},{\"@type\":\"WebSite\",\"@id\":\"https:\\\/\\\/lamostradevalencia.com\\\/fr\\\/#website\",\"url\":\"https:\\\/\\\/lamostradevalencia.com\\\/fr\\\/\",\"name\":\"Mostra de Val\u00e8ncia\",\"description\":\"Cinema del Mediterrani\",\"potentialAction\":[{\"@type\":\"SearchAction\",\"target\":{\"@type\":\"EntryPoint\",\"urlTemplate\":\"https:\\\/\\\/lamostradevalencia.com\\\/fr\\\/?s={search_term_string}\"},\"query-input\":{\"@type\":\"PropertyValueSpecification\",\"valueRequired\":true,\"valueName\":\"search_term_string\"}}],\"inLanguage\":\"fr-FR\"}]}<\/script>\n<!-- \/ Yoast SEO plugin. -->","yoast_head_json":{"title":"Billets - Mostra de Val\u00e8ncia","robots":{"index":"index","follow":"follow","max-snippet":"max-snippet:-1","max-image-preview":"max-image-preview:large","max-video-preview":"max-video-preview:-1"},"canonical":"https:\/\/lamostradevalencia.com\/fr\/billets\/","og_locale":"fr_FR","og_type":"article","og_title":"Billets - Mostra de Val\u00e8ncia","og_description":"[vc_row css=\u00a0\u00bb.vc_custom_1602851059881{border-bottom-width: 30px !important;}\u00a0\u00bb][vc_column][vc_column_text] Billets s\u00e9ances de la Mostra de Valencia-Cinema de la M\u00e9diterrann\u00e9e [\/vc_column_text][\/vc_column][\/vc_row][vc_row content_placement=\u00a0\u00bbmiddle\u00a0\u00bb el_class=\u00a0\u00bblm_table_prices\u00a0\u00bb css=\u00a0\u00bb.vc_custom_1602851263952{margin-bottom: 50px !important;}\u00a0\u00bb][vc_column width=\u00a0\u00bb3\/4&Prime; offset=\u00a0\u00bbvc_col-xs-9&Prime;][vc_column_text]Billets plein tarif de [&hellip;]","og_url":"https:\/\/lamostradevalencia.com\/fr\/billets\/","og_site_name":"Mostra de Val\u00e8ncia","article_modified_time":"2023-10-16T15:27:58+00:00","twitter_card":"summary_large_image","twitter_misc":{"Dur\u00e9e de lecture estim\u00e9e":"1 minute"},"schema":{"@context":"https:\/\/schema.org","@graph":[{"@type":"WebPage","@id":"https:\/\/lamostradevalencia.com\/fr\/billets\/","url":"https:\/\/lamostradevalencia.com\/fr\/billets\/","name":"Billets - Mostra de Val\u00e8ncia","isPartOf":{"@id":"https:\/\/lamostradevalencia.com\/fr\/#website"},"datePublished":"2020-10-16T08:11:19+00:00","dateModified":"2023-10-16T15:27:58+00:00","breadcrumb":{"@id":"https:\/\/lamostradevalencia.com\/fr\/billets\/#breadcrumb"},"inLanguage":"fr-FR","potentialAction":[{"@type":"ReadAction","target":["https:\/\/lamostradevalencia.com\/fr\/billets\/"]}]},{"@type":"BreadcrumbList","@id":"https:\/\/lamostradevalencia.com\/fr\/billets\/#breadcrumb","itemListElement":[{"@type":"ListItem","position":1,"name":"Portada","item":"https:\/\/lamostradevalencia.com\/fr\/"},{"@type":"ListItem","position":2,"name":"Billets"}]},{"@type":"WebSite","@id":"https:\/\/lamostradevalencia.com\/fr\/#website","url":"https:\/\/lamostradevalencia.com\/fr\/","name":"Mostra de Val\u00e8ncia","description":"Cinema del Mediterrani","potentialAction":[{"@type":"SearchAction","target":{"@type":"EntryPoint","urlTemplate":"https:\/\/lamostradevalencia.com\/fr\/?s={search_term_string}"},"query-input":{"@type":"PropertyValueSpecification","valueRequired":true,"valueName":"search_term_string"}}],"inLanguage":"fr-FR"}]}},"uagb_featured_image_src":{"full":false,"thumbnail":false,"medium":false,"medium_large":false,"large":false,"1536x1536":false,"2048x2048":false,"cinerama_edge_image_square":false,"cinerama_edge_image_landscape":false,"cinerama_edge_image_portrait":false,"cinerama_edge_image_huge":false,"gform-image-choice-sm":false,"gform-image-choice-md":false,"gform-image-choice-lg":false},"uagb_author_info":{"display_name":"Tuy\u00fa M\u00e1laga","author_link":"https:\/\/lamostradevalencia.com\/fr\/author\/maria\/"},"uagb_comment_info":0,"uagb_excerpt":"[vc_row css=\u00a0\u00bb.vc_custom_1602851059881{border-bottom-width: 30px !important;}\u00a0\u00bb][vc_column][vc_column_text] Billets s\u00e9ances de la Mostra de Valencia-Cinema de la M\u00e9diterrann\u00e9e [\/vc_column_text][\/vc_column][\/vc_row][vc_row content_placement=\u00a0\u00bbmiddle\u00a0\u00bb el_class=\u00a0\u00bblm_table_prices\u00a0\u00bb css=\u00a0\u00bb.vc_custom_1602851263952{margin-bottom: 50px !important;}\u00a0\u00bb][vc_column width=\u00a0\u00bb3\/4&Prime; offset=\u00a0\u00bbvc_col-xs-9&Prime;][vc_column_text]Billets plein tarif de [&hellip;]","_links":{"self":[{"href":"https:\/\/lamostradevalencia.com\/fr\/wp-json\/wp\/v2\/pages\/9364","targetHints":{"allow":["GET"]}}],"collection":[{"href":"https:\/\/lamostradevalencia.com\/fr\/wp-json\/wp\/v2\/pages"}],"about":[{"href":"https:\/\/lamostradevalencia.com\/fr\/wp-json\/wp\/v2\/types\/page"}],"author":[{"embeddable":true,"href":"https:\/\/lamostradevalencia.com\/fr\/wp-json\/wp\/v2\/users\/6"}],"replies":[{"embeddable":true,"href":"https:\/\/lamostradevalencia.com\/fr\/wp-json\/wp\/v2\/comments?post=9364"}],"version-history":[{"count":9,"href":"https:\/\/lamostradevalencia.com\/fr\/wp-json\/wp\/v2\/pages\/9364\/revisions"}],"predecessor-version":[{"id":22085,"href":"https:\/\/lamostradevalencia.com\/fr\/wp-json\/wp\/v2\/pages\/9364\/revisions\/22085"}],"wp:attachment":[{"href":"https:\/\/lamostradevalencia.com\/fr\/wp-json\/wp\/v2\/media?parent=9364"}],"curies":[{"name":"wp","href":"https:\/\/api.w.org\/{rel}","templated":true}]}}

<div class="wpb-content-wrapper"><p>[vc_row css= ».vc_custom_1602851059881{border-bottom-width: 30px !important;} »][vc_column][vc_column_text]</p>
<h2>Billets séances de la Mostra de Valencia-Cinema de la Méditerrannée</h2>
<p>[/vc_column_text][/vc_column][/vc_row][vc_row content_placement= »middle » el_class= »lm_table_prices » css= ».vc_custom_1602851263952{margin-bottom: 50px !important;} »][vc_column width= »3/4&Prime; offset= »vc_col-xs-9&Prime;][vc_column_text]Billets plein tarif de la séance[/vc_column_text][/vc_column][vc_column width= »1/4&Prime; offset= »vc_col-xs-3&Prime;][vc_column_text]</p>
<h5 style="text-align: right;">2,5 €</h5>
<p>[/vc_column_text][/vc_column][vc_column css= ».vc_custom_1602836333509{padding-top: 10px !important;} »][vc_separator][/vc_column][vc_column width= »3/4&Prime; offset= »vc_col-xs-9&Prime;][vc_column_text]Abonnements de 10 séances[/vc_column_text][/vc_column][vc_column width= »1/4&Prime; offset= »vc_col-xs-3&Prime;][vc_column_text]</p>
<h5 style="text-align: right;">20 €*</h5>
<p>[/vc_column_text][/vc_column][vc_column css= ».vc_custom_1602850537553{padding-top: 10px !important;padding-bottom: 10px !important;} »][vc_separator][/vc_column][vc_column width= »3/4&Prime; offset= »vc_col-xs-9&Prime;][vc_column_text]Billets tarif réduit d&rsquo;une séance (titulaire carte d&rsquo;étudiant, carte jeune, demandeur d&#8217;emploi, personnes retraitées ou handicapées)[/vc_column_text][/vc_column][vc_column width= »1/4&Prime; offset= »vc_col-xs-3&Prime;][vc_column_text]</p>
<h5 style="text-align: right;">1,5 €*</h5>
<p>[/vc_column_text][/vc_column][vc_column css= ».vc_custom_1602850577527{padding-top: 10px !important;} »][vc_separator][/vc_column][/vc_row][vc_row][vc_column][vc_column_text]* L’appication des tarifs réduits ou des abonnements s’effectue uniquement au guichet.</p>
<p>&nbsp;</p>
<p>Les billets plein tarif pour les séances peuvent être achetés online à l’avance en cliquant sur le film souhaité ou au guichet.</p>
<p>Les abonnements s&rsquo;achètent directement sur le guichet de Cines Babel.</p>
<p>Pour accéder aux activités parallèles, vous pouvez en savoir plus en cliquant dessus ou en écrivant à: <a href="mailto:info@lamostradevalencia.com">info@lamostradevalencia.com</a>.[/vc_column_text][/vc_column][/vc_row]</p>
</div>

<p>[vc_row css= ».vc_custom_1602851059881{border-bottom-width: 30px !important;} »][vc_column][vc_column_text] Billets séances de la Mostra de Valencia-Cinema de la Méditerrannée [/vc_column_text][/vc_column][/vc_row][vc_row content_placement= »middle » el_class= »lm_table_prices » css= ».vc_custom_1602851263952{margin-bottom: 50px !important;} »][vc_column width= »3/4&Prime; offset= »vc_col-xs-9&Prime;][vc_column_text]Billets plein tarif de [&hellip;]</p>

<!-- This site is optimized with the Yoast SEO plugin v27.4 - https://yoast.com/product/yoast-seo-wordpress/ -->
<title>Billets - Mostra de València</title>
<meta name="robots" content="index, follow, max-snippet:-1, max-image-preview:large, max-video-preview:-1" />
<link rel="canonical" href="https://lamostradevalencia.com/fr/billets/" />
<meta property="og:locale" content="fr_FR" />
<meta property="og:type" content="article" />
<meta property="og:title" content="Billets - Mostra de València" />
<meta property="og:description" content="[vc_row css= ».vc_custom_1602851059881{border-bottom-width: 30px !important;} »][vc_column][vc_column_text] Billets séances de la Mostra de Valencia-Cinema de la Méditerrannée [/vc_column_text][/vc_column][/vc_row][vc_row content_placement= »middle » el_class= »lm_table_prices » css= ».vc_custom_1602851263952{margin-bottom: 50px !important;} »][vc_column width= »3/4&Prime; offset= »vc_col-xs-9&Prime;][vc_column_text]Billets plein tarif de [&hellip;]" />
<meta property="og:url" content="https://lamostradevalencia.com/fr/billets/" />
<meta property="og:site_name" content="Mostra de València" />
<meta property="article:modified_time" content="2023-10-16T15:27:58+00:00" />
<meta name="twitter:card" content="summary_large_image" />
<meta name="twitter:label1" content="Durée de lecture estimée" />
	<meta name="twitter:data1" content="1 minute" />
<script type="application/ld+json" class="yoast-schema-graph">{"@context":"https:\/\/schema.org","@graph":[{"@type":"WebPage","@id":"https:\/\/lamostradevalencia.com\/fr\/billets\/","url":"https:\/\/lamostradevalencia.com\/fr\/billets\/","name":"Billets - Mostra de València","isPartOf":{"@id":"https:\/\/lamostradevalencia.com\/fr\/#website"},"datePublished":"2020-10-16T08:11:19+00:00","dateModified":"2023-10-16T15:27:58+00:00","breadcrumb":{"@id":"https:\/\/lamostradevalencia.com\/fr\/billets\/#breadcrumb"},"inLanguage":"fr-FR","potentialAction":[{"@type":"ReadAction","target":["https:\/\/lamostradevalencia.com\/fr\/billets\/"]}]},{"@type":"BreadcrumbList","@id":"https:\/\/lamostradevalencia.com\/fr\/billets\/#breadcrumb","itemListElement":[{"@type":"ListItem","position":1,"name":"Portada","item":"https:\/\/lamostradevalencia.com\/fr\/"},{"@type":"ListItem","position":2,"name":"Billets"}]},{"@type":"WebSite","@id":"https:\/\/lamostradevalencia.com\/fr\/#website","url":"https:\/\/lamostradevalencia.com\/fr\/","name":"Mostra de València","description":"Cinema del Mediterrani","potentialAction":[{"@type":"SearchAction","target":{"@type":"EntryPoint","urlTemplate":"https:\/\/lamostradevalencia.com\/fr\/?s={search_term_string}"},"query-input":{"@type":"PropertyValueSpecification","valueRequired":true,"valueName":"search_term_string"}}],"inLanguage":"fr-FR"}]}</script>
<!-- / Yoast SEO plugin. -->

Billets - Mostra de València

[vc_row css= ».vc_custom_1602851059881{border-bottom-width: 30px !important;} »][vc_column][vc_column_text] Billets séances de la Mostra de Valencia-Cinema de la Méditerrannée [/vc_column_text][/vc_column][/vc_row][vc_row content_placement= »middle » el_class= »lm_table_prices » css= ».vc_custom_1602851263952{margin-bottom: 50px !important;} »][vc_column width= »3/4&Prime; offset= »vc_col-xs-9&Prime;][vc_column_text]Billets plein tarif de [&hellip;]

Mostra de València

Tuyú Málaga
