{"id":7319,"date":"2020-09-15T17:21:21","date_gmt":"2020-09-15T15:21:21","guid":{"rendered":"https:\/\/lamostradevalencia.com\/?page_id=7319"},"modified":"2020-09-15T22:10:01","modified_gmt":"2020-09-15T20:10:01","slug":"cloture","status":"publish","type":"page","link":"https:\/\/lamostradevalencia.com\/fr\/edition-2020\/cloture\/","title":{"rendered":"Cl\u00f4ture"},"content":{"rendered":"<div class=\"wpb-content-wrapper\"><p>[vc_row disable_element=\u00a0\u00bbyes\u00a0\u00bb css=\u00a0\u00bb.vc_custom_1600183933188{padding-top: 90px !important;padding-right: 40px !important;padding-left: 40px !important;}\u00a0\u00bb][vc_column css=\u00a0\u00bb.vc_custom_1570013679817{padding-right: 300px !important;padding-left: 300px !important;}\u00a0\u00bb]<div class=\"edgtf-portfolio-list-holder edgtf-pl-masonry  edgtf-large-space edgtf-pl-one-column edgtf-pl-standard-shader    edgtf-pl-pag-no-pagination     \"  data-type=masonry data-number-of-columns=1 data-space-between-items=large data-number-of-items=-1 data-image-proportions=full data-enable-fixed-proportions=no data-enable-image-shadow=no data-category=clausura data-orderby=date data-order=ASC data-item-style=standard-shader data-enable-title=yes data-title-tag=h4 data-enable-category=yes data-enable-count-images=yes data-enable-excerpt=no data-excerpt-length=20 data-pagination-type=no-pagination data-filter=no data-filter-order-by=name data-enable-article-animation=no data-portfolio-slider-on=no data-enable-loop=yes data-enable-autoplay=yes data-slider-speed=5000 data-slider-speed-animation=600 data-enable-navigation=yes data-enable-pagination=yes data-max-num-pages=0 data-next-page=2>\n\t\t<div class=\"edgtf-pl-inner edgtf-outer-space clearfix\">\n\t\t<div class=\"edgtf-pl-grid-sizer\"><\/div>\n\t\t<div class=\"edgtf-pl-grid-gutter\"><\/div>\n\t\t<article class=\"edgtf-pl-item edgtf-item-space edgtf-masonry-size-default post-5750 portfolio-item type-portfolio-item status-publish has-post-thumbnail hentry portfolio-category-clausura-fr portfolio-category-festival-2019-fr portfolio-tag-clausura-fr portfolio-tag-emilio-maille-fr portfolio-tag-fallas-fr portfolio-tag-fuegos-artificiales-fr portfolio-tag-mascleta-fr portfolio-tag-mostra-de-valencia-fr portfolio-tag-pirotecnia-fr\">\n\t<div class=\"edgtf-pl-item-inner\">\n\t\t<div class=\"edgtf-pli-image\">\n\t<img loading=\"lazy\" decoding=\"async\" width=\"1140\" height=\"712\" src=\"https:\/\/lamostradevalencia.com\/wp-content\/uploads\/2019\/10\/Poetas-del-Cielo.jpg\" class=\"attachment-full size-full wp-post-image\" alt=\"\" srcset=\"https:\/\/lamostradevalencia.com\/wp-content\/uploads\/2019\/10\/Poetas-del-Cielo.jpg 1140w, https:\/\/lamostradevalencia.com\/wp-content\/uploads\/2019\/10\/Poetas-del-Cielo-300x187.jpg 300w, https:\/\/lamostradevalencia.com\/wp-content\/uploads\/2019\/10\/Poetas-del-Cielo-768x480.jpg 768w, https:\/\/lamostradevalencia.com\/wp-content\/uploads\/2019\/10\/Poetas-del-Cielo-1024x640.jpg 1024w\" sizes=\"auto, (max-width: 1140px) 100vw, 1140px\" \/><\/div>\n<div class=\"edgtf-pli-text-holder\" >\n\t<div class=\"edgtf-pli-text-wrapper\">\n\t\t<div class=\"edgtf-pli-text\">\n\t\t\t\t<h4 itemprop=\"name\" class=\"edgtf-pli-title entry-title\" >\n\t\tPo\u00e8tes du ciel\t<\/h4>\n\n\t\t\t\t\t<div class=\"edgtf-pli-category-holder\">\n\t\t\t\t\t\t\t<a itemprop=\"url\" class=\"edgtf-pli-category\" href=\"https:\/\/lamostradevalencia.com\/fr\/portfolio-category\/clausura-fr\/\">Cl\u00f4ture<\/a>\n\t\t\t\t\t\t\t<a itemprop=\"url\" class=\"edgtf-pli-category\" href=\"https:\/\/lamostradevalencia.com\/fr\/portfolio-category\/festival-2019-fr\/\">Festival 2019<\/a>\n\t\t\t\t\t<\/div>\n\t\n\t\t\t\n\t\t\t\t\t<\/div>\n\t<\/div>\n<\/div>\n\t\t<a itemprop=\"url\" class=\"edgtf-pli-link edgtf-block-drag-link\" href=\"https:\/\/lamostradevalencia.com\/fr\/peliculas\/poetas-del-cielo\/\" target=\"_self\"><\/a>\n\t<\/div>\n<\/article>\t<\/div>\n\t\n\t<\/div>[\/vc_column][\/vc_row][vc_row][vc_column]<div class=\"templatera_shortcode\"><style type=\"text\/css\" data-type=\"vc_shortcodes-default-css\">.vc_do_custom_heading{margin-bottom:0.625rem;margin-top:0;}<\/style><style type=\"text\/css\" data-type=\"vc_shortcodes-custom-css\">.vc_custom_1600184094996{padding-top: 100px !important;padding-bottom: 100px !important;}<\/style><div class=\"vc_row wpb_row vc_row-fluid vc_custom_1600184094996\" ><div class=\"wpb_column vc_column_container vc_col-sm-12\"><div class=\"vc_column-inner\"><div class=\"wpb_wrapper\"><h2 style=\"text-align: center\" class=\"vc_custom_heading vc_do_custom_heading\" >Coming soon...<\/h2><\/div><\/div><\/div><\/div><\/div>[\/vc_column][\/vc_row]<\/p>\n<\/div>","protected":false},"excerpt":{"rendered":"Po\u00e8tes du ciel Mexique. 2018. Couleur. 102\u2019. Version originale sous-titr\u00e9e en espagnol CL\u00d4TURE Documentaire qui parcourt plusieurs continents afin de pr\u00e9senter les plus grands artistes [...]","protected":false},"author":1,"featured_media":0,"parent":7560,"menu_order":1,"comment_status":"closed","ping_status":"closed","template":"full-width.php","meta":{"_uag_custom_page_level_css":"","_jet_sm_ready_style":"","_jet_sm_style":"","_jet_sm_controls_values":"","_jet_sm_fonts_collection":"","_jet_sm_fonts_links":"","footnotes":""},"class_list":["post-7319","page","type-page","status-publish","hentry"],"yoast_head":"<!-- This site is optimized with the Yoast SEO plugin v27.5 - https:\/\/yoast.com\/product\/yoast-seo-wordpress\/ -->\n<title>Cl\u00f4ture - Mostra de Val\u00e8ncia<\/title>\n<meta name=\"robots\" content=\"index, follow, max-snippet:-1, max-image-preview:large, max-video-preview:-1\" \/>\n<link rel=\"canonical\" href=\"https:\/\/lamostradevalencia.com\/fr\/edition-2020\/cloture\/\" \/>\n<meta property=\"og:locale\" content=\"fr_FR\" \/>\n<meta property=\"og:type\" content=\"article\" \/>\n<meta property=\"og:title\" content=\"Cl\u00f4ture - Mostra de Val\u00e8ncia\" \/>\n<meta property=\"og:url\" content=\"https:\/\/lamostradevalencia.com\/fr\/edition-2020\/cloture\/\" \/>\n<meta property=\"og:site_name\" content=\"Mostra de Val\u00e8ncia\" \/>\n<meta property=\"article:modified_time\" content=\"2020-09-15T20:10:01+00:00\" \/>\n<meta name=\"twitter:card\" content=\"summary_large_image\" \/>\n<script type=\"application\/ld+json\" class=\"yoast-schema-graph\">{\"@context\":\"https:\\\/\\\/schema.org\",\"@graph\":[{\"@type\":\"WebPage\",\"@id\":\"https:\\\/\\\/lamostradevalencia.com\\\/fr\\\/edition-2020\\\/cloture\\\/\",\"url\":\"https:\\\/\\\/lamostradevalencia.com\\\/fr\\\/edition-2020\\\/cloture\\\/\",\"name\":\"Cl\u00f4ture - Mostra de Val\u00e8ncia\",\"isPartOf\":{\"@id\":\"https:\\\/\\\/lamostradevalencia.com\\\/fr\\\/#website\"},\"datePublished\":\"2020-09-15T15:21:21+00:00\",\"dateModified\":\"2020-09-15T20:10:01+00:00\",\"breadcrumb\":{\"@id\":\"https:\\\/\\\/lamostradevalencia.com\\\/fr\\\/edition-2020\\\/cloture\\\/#breadcrumb\"},\"inLanguage\":\"fr-FR\",\"potentialAction\":[{\"@type\":\"ReadAction\",\"target\":[\"https:\\\/\\\/lamostradevalencia.com\\\/fr\\\/edition-2020\\\/cloture\\\/\"]}]},{\"@type\":\"BreadcrumbList\",\"@id\":\"https:\\\/\\\/lamostradevalencia.com\\\/fr\\\/edition-2020\\\/cloture\\\/#breadcrumb\",\"itemListElement\":[{\"@type\":\"ListItem\",\"position\":1,\"name\":\"Portada\",\"item\":\"https:\\\/\\\/lamostradevalencia.com\\\/fr\\\/\"},{\"@type\":\"ListItem\",\"position\":2,\"name\":\"\u00c9dition 2020\",\"item\":\"https:\\\/\\\/lamostradevalencia.com\\\/fr\\\/edition-2020\\\/\"},{\"@type\":\"ListItem\",\"position\":3,\"name\":\"Cl\u00f4ture\"}]},{\"@type\":\"WebSite\",\"@id\":\"https:\\\/\\\/lamostradevalencia.com\\\/fr\\\/#website\",\"url\":\"https:\\\/\\\/lamostradevalencia.com\\\/fr\\\/\",\"name\":\"Mostra de Val\u00e8ncia\",\"description\":\"Cinema del Mediterrani\",\"potentialAction\":[{\"@type\":\"SearchAction\",\"target\":{\"@type\":\"EntryPoint\",\"urlTemplate\":\"https:\\\/\\\/lamostradevalencia.com\\\/fr\\\/?s={search_term_string}\"},\"query-input\":{\"@type\":\"PropertyValueSpecification\",\"valueRequired\":true,\"valueName\":\"search_term_string\"}}],\"inLanguage\":\"fr-FR\"}]}<\/script>\n<!-- \/ Yoast SEO plugin. -->","yoast_head_json":{"title":"Cl\u00f4ture - Mostra de Val\u00e8ncia","robots":{"index":"index","follow":"follow","max-snippet":"max-snippet:-1","max-image-preview":"max-image-preview:large","max-video-preview":"max-video-preview:-1"},"canonical":"https:\/\/lamostradevalencia.com\/fr\/edition-2020\/cloture\/","og_locale":"fr_FR","og_type":"article","og_title":"Cl\u00f4ture - Mostra de Val\u00e8ncia","og_url":"https:\/\/lamostradevalencia.com\/fr\/edition-2020\/cloture\/","og_site_name":"Mostra de Val\u00e8ncia","article_modified_time":"2020-09-15T20:10:01+00:00","twitter_card":"summary_large_image","schema":{"@context":"https:\/\/schema.org","@graph":[{"@type":"WebPage","@id":"https:\/\/lamostradevalencia.com\/fr\/edition-2020\/cloture\/","url":"https:\/\/lamostradevalencia.com\/fr\/edition-2020\/cloture\/","name":"Cl\u00f4ture - Mostra de Val\u00e8ncia","isPartOf":{"@id":"https:\/\/lamostradevalencia.com\/fr\/#website"},"datePublished":"2020-09-15T15:21:21+00:00","dateModified":"2020-09-15T20:10:01+00:00","breadcrumb":{"@id":"https:\/\/lamostradevalencia.com\/fr\/edition-2020\/cloture\/#breadcrumb"},"inLanguage":"fr-FR","potentialAction":[{"@type":"ReadAction","target":["https:\/\/lamostradevalencia.com\/fr\/edition-2020\/cloture\/"]}]},{"@type":"BreadcrumbList","@id":"https:\/\/lamostradevalencia.com\/fr\/edition-2020\/cloture\/#breadcrumb","itemListElement":[{"@type":"ListItem","position":1,"name":"Portada","item":"https:\/\/lamostradevalencia.com\/fr\/"},{"@type":"ListItem","position":2,"name":"\u00c9dition 2020","item":"https:\/\/lamostradevalencia.com\/fr\/edition-2020\/"},{"@type":"ListItem","position":3,"name":"Cl\u00f4ture"}]},{"@type":"WebSite","@id":"https:\/\/lamostradevalencia.com\/fr\/#website","url":"https:\/\/lamostradevalencia.com\/fr\/","name":"Mostra de Val\u00e8ncia","description":"Cinema del Mediterrani","potentialAction":[{"@type":"SearchAction","target":{"@type":"EntryPoint","urlTemplate":"https:\/\/lamostradevalencia.com\/fr\/?s={search_term_string}"},"query-input":{"@type":"PropertyValueSpecification","valueRequired":true,"valueName":"search_term_string"}}],"inLanguage":"fr-FR"}]}},"uagb_featured_image_src":{"full":false,"thumbnail":false,"medium":false,"medium_large":false,"large":false,"1536x1536":false,"2048x2048":false,"cinerama_edge_image_square":false,"cinerama_edge_image_landscape":false,"cinerama_edge_image_portrait":false,"cinerama_edge_image_huge":false,"gform-image-choice-sm":false,"gform-image-choice-md":false,"gform-image-choice-lg":false},"uagb_author_info":{"display_name":"Mostra de Val\u00e8ncia","author_link":"https:\/\/lamostradevalencia.com\/fr\/author\/mostravalencia\/"},"uagb_comment_info":0,"uagb_excerpt":null,"_links":{"self":[{"href":"https:\/\/lamostradevalencia.com\/fr\/wp-json\/wp\/v2\/pages\/7319","targetHints":{"allow":["GET"]}}],"collection":[{"href":"https:\/\/lamostradevalencia.com\/fr\/wp-json\/wp\/v2\/pages"}],"about":[{"href":"https:\/\/lamostradevalencia.com\/fr\/wp-json\/wp\/v2\/types\/page"}],"author":[{"embeddable":true,"href":"https:\/\/lamostradevalencia.com\/fr\/wp-json\/wp\/v2\/users\/1"}],"replies":[{"embeddable":true,"href":"https:\/\/lamostradevalencia.com\/fr\/wp-json\/wp\/v2\/comments?post=7319"}],"version-history":[{"count":3,"href":"https:\/\/lamostradevalencia.com\/fr\/wp-json\/wp\/v2\/pages\/7319\/revisions"}],"predecessor-version":[{"id":7662,"href":"https:\/\/lamostradevalencia.com\/fr\/wp-json\/wp\/v2\/pages\/7319\/revisions\/7662"}],"up":[{"embeddable":true,"href":"https:\/\/lamostradevalencia.com\/fr\/wp-json\/wp\/v2\/pages\/7560"}],"wp:attachment":[{"href":"https:\/\/lamostradevalencia.com\/fr\/wp-json\/wp\/v2\/media?parent=7319"}],"curies":[{"name":"wp","href":"https:\/\/api.w.org\/{rel}","templated":true}]}}

Clôture

<div class="wpb-content-wrapper"><p>[vc_row disable_element= »yes » css= ».vc_custom_1600183933188{padding-top: 90px !important;padding-right: 40px !important;padding-left: 40px !important;} »][vc_column css= ».vc_custom_1570013679817{padding-right: 300px !important;padding-left: 300px !important;} »]<div class="edgtf-portfolio-list-holder edgtf-pl-masonry  edgtf-large-space edgtf-pl-one-column edgtf-pl-standard-shader    edgtf-pl-pag-no-pagination     "  data-type=masonry data-number-of-columns=1 data-space-between-items=large data-number-of-items=-1 data-image-proportions=full data-enable-fixed-proportions=no data-enable-image-shadow=no data-category=clausura data-orderby=date data-order=ASC data-item-style=standard-shader data-enable-title=yes data-title-tag=h4 data-enable-category=yes data-enable-count-images=yes data-enable-excerpt=no data-excerpt-length=20 data-pagination-type=no-pagination data-filter=no data-filter-order-by=name data-enable-article-animation=no data-portfolio-slider-on=no data-enable-loop=yes data-enable-autoplay=yes data-slider-speed=5000 data-slider-speed-animation=600 data-enable-navigation=yes data-enable-pagination=yes data-max-num-pages=0 data-next-page=2>
		<div class="edgtf-pl-inner edgtf-outer-space clearfix">
		<div class="edgtf-pl-grid-sizer"></div>
		<div class="edgtf-pl-grid-gutter"></div>
		<article class="edgtf-pl-item edgtf-item-space edgtf-masonry-size-default post-5750 portfolio-item type-portfolio-item status-publish has-post-thumbnail hentry portfolio-category-clausura-fr portfolio-category-festival-2019-fr portfolio-tag-clausura-fr portfolio-tag-emilio-maille-fr portfolio-tag-fallas-fr portfolio-tag-fuegos-artificiales-fr portfolio-tag-mascleta-fr portfolio-tag-mostra-de-valencia-fr portfolio-tag-pirotecnia-fr">
	<div class="edgtf-pl-item-inner">
		<div class="edgtf-pli-image">
	<img loading="lazy" decoding="async" width="1140" height="712" src="https://lamostradevalencia.com/wp-content/uploads/2019/10/Poetas-del-Cielo.jpg" class="attachment-full size-full wp-post-image" alt="" srcset="https://lamostradevalencia.com/wp-content/uploads/2019/10/Poetas-del-Cielo.jpg 1140w, https://lamostradevalencia.com/wp-content/uploads/2019/10/Poetas-del-Cielo-300x187.jpg 300w, https://lamostradevalencia.com/wp-content/uploads/2019/10/Poetas-del-Cielo-768x480.jpg 768w, https://lamostradevalencia.com/wp-content/uploads/2019/10/Poetas-del-Cielo-1024x640.jpg 1024w" sizes="auto, (max-width: 1140px) 100vw, 1140px" /></div>
<div class="edgtf-pli-text-holder" >
	<div class="edgtf-pli-text-wrapper">
		<div class="edgtf-pli-text">
				<h4 itemprop="name" class="edgtf-pli-title entry-title" >
		Poètes du ciel	</h4>

					<div class="edgtf-pli-category-holder">
							<a itemprop="url" class="edgtf-pli-category" href="https://lamostradevalencia.com/fr/portfolio-category/clausura-fr/">Clôture</a>
							<a itemprop="url" class="edgtf-pli-category" href="https://lamostradevalencia.com/fr/portfolio-category/festival-2019-fr/">Festival 2019</a>
					</div>
	
			
					</div>
	</div>
</div>
		<a itemprop="url" class="edgtf-pli-link edgtf-block-drag-link" href="https://lamostradevalencia.com/fr/peliculas/poetas-del-cielo/" target="_self"></a>
	</div>
</article>	</div>
	
	</div>[/vc_column][/vc_row][vc_row][vc_column]<div class="templatera_shortcode"><style type="text/css" data-type="vc_shortcodes-default-css">.vc_do_custom_heading{margin-bottom:0.625rem;margin-top:0;}</style><style type="text/css" data-type="vc_shortcodes-custom-css">.vc_custom_1600184094996{padding-top: 100px !important;padding-bottom: 100px !important;}</style><div class="vc_row wpb_row vc_row-fluid vc_custom_1600184094996" ><div class="wpb_column vc_column_container vc_col-sm-12"><div class="vc_column-inner"><div class="wpb_wrapper"><h2 style="text-align: center" class="vc_custom_heading vc_do_custom_heading" >Coming soon...</h2></div></div></div></div></div>[/vc_column][/vc_row]</p>
</div>

Poètes du ciel Mexique. 2018. Couleur. 102’. Version originale sous-titrée en espagnol CLÔTURE Documentaire qui parcourt plusieurs continents afin de présenter les plus grands artistes [...]

<!-- This site is optimized with the Yoast SEO plugin v27.5 - https://yoast.com/product/yoast-seo-wordpress/ -->
<title>Clôture - Mostra de València</title>
<meta name="robots" content="index, follow, max-snippet:-1, max-image-preview:large, max-video-preview:-1" />
<link rel="canonical" href="https://lamostradevalencia.com/fr/edition-2020/cloture/" />
<meta property="og:locale" content="fr_FR" />
<meta property="og:type" content="article" />
<meta property="og:title" content="Clôture - Mostra de València" />
<meta property="og:url" content="https://lamostradevalencia.com/fr/edition-2020/cloture/" />
<meta property="og:site_name" content="Mostra de València" />
<meta property="article:modified_time" content="2020-09-15T20:10:01+00:00" />
<meta name="twitter:card" content="summary_large_image" />
<script type="application/ld+json" class="yoast-schema-graph">{"@context":"https:\/\/schema.org","@graph":[{"@type":"WebPage","@id":"https:\/\/lamostradevalencia.com\/fr\/edition-2020\/cloture\/","url":"https:\/\/lamostradevalencia.com\/fr\/edition-2020\/cloture\/","name":"Clôture - Mostra de València","isPartOf":{"@id":"https:\/\/lamostradevalencia.com\/fr\/#website"},"datePublished":"2020-09-15T15:21:21+00:00","dateModified":"2020-09-15T20:10:01+00:00","breadcrumb":{"@id":"https:\/\/lamostradevalencia.com\/fr\/edition-2020\/cloture\/#breadcrumb"},"inLanguage":"fr-FR","potentialAction":[{"@type":"ReadAction","target":["https:\/\/lamostradevalencia.com\/fr\/edition-2020\/cloture\/"]}]},{"@type":"BreadcrumbList","@id":"https:\/\/lamostradevalencia.com\/fr\/edition-2020\/cloture\/#breadcrumb","itemListElement":[{"@type":"ListItem","position":1,"name":"Portada","item":"https:\/\/lamostradevalencia.com\/fr\/"},{"@type":"ListItem","position":2,"name":"Édition 2020","item":"https:\/\/lamostradevalencia.com\/fr\/edition-2020\/"},{"@type":"ListItem","position":3,"name":"Clôture"}]},{"@type":"WebSite","@id":"https:\/\/lamostradevalencia.com\/fr\/#website","url":"https:\/\/lamostradevalencia.com\/fr\/","name":"Mostra de València","description":"Cinema del Mediterrani","potentialAction":[{"@type":"SearchAction","target":{"@type":"EntryPoint","urlTemplate":"https:\/\/lamostradevalencia.com\/fr\/?s={search_term_string}"},"query-input":{"@type":"PropertyValueSpecification","valueRequired":true,"valueName":"search_term_string"}}],"inLanguage":"fr-FR"}]}</script>
<!-- / Yoast SEO plugin. -->

Clôture - Mostra de València

Mostra de València

Édition 2020
