{"id":2426,"date":"2018-08-06T07:52:16","date_gmt":"2018-08-06T05:52:16","guid":{"rendered":"https:\/\/lamostradevalencia.com\/polar-french-film-noir\/"},"modified":"2019-08-05T13:06:27","modified_gmt":"2019-08-05T11:06:27","slug":"polar-french-film-noir","status":"publish","type":"page","link":"https:\/\/lamostradevalencia.com\/en\/2018-edition\/polar-french-film-noir\/","title":{"rendered":"Polar: French film noir"},"content":{"rendered":"<div class=\"wpb-content-wrapper\"><p>[vc_row css=&#8221;.vc_custom_1538589128722{padding-top: 90px !important;padding-right: 40px !important;padding-bottom: 90px !important;padding-left: 40px !important;}&#8221;][vc_column width=&#8221;1\/4&#8243;][\/vc_column][vc_column width=&#8221;1\/2&#8243;][vc_column_text]\n<span class=\"edgtf-dropcaps edgtf-normal\" style=\"color: #9980fa\">\n\t<span class=\"edgtf-dropcaps-inner\">\n\t\tF\t<\/span>\n<\/span>rance reinterpreted the classic tradition of American film noir in its own way. In 1945, the Gallimard publishing house created a collection called S\u00e9rie Noire, characterised by its black covers. The publishing house translated great American authors of this genre and defended the quality of its works, many of which had originally appeared in popular kiosk magazines. French film directors, who were admirers of those writers, approached the genre to offer their own views on stories, environments and characters that were adapted to their own context, therefore creating an even more specific denomination in French: Polar. <em>Mostra de Valencia\u2013Cinema del Mediterrani <\/em>proposes an extensive journey from the mid-fifties to current times, including directors such as Jacques Becker, Fran\u00e7ois Truffaut, Jean-Pierre Melville, Bertrand Tavernier, Claude Chabrol, Jacques Audiard or Jean-Fran\u00e7ois Richet, who adapt work from classical authors like David Goodis, Jim Thompson or Jos\u00e9 Giovanni and modern writers such as Jean-Patrick Manchette or Fred Vargas. In this sense, this retrospective view offers the public a unique opportunity to see how French film noir has evolved over the past decades.[\/vc_column_text][\/vc_column][vc_column width=&#8221;1\/4&#8243;][\/vc_column][\/vc_row][vc_row css=&#8221;.vc_custom_1538486869251{padding-right: 40px !important;padding-left: 40px !important;}&#8221;][vc_column]<div class=\"edgtf-portfolio-list-holder edgtf-pl-masonry  edgtf-large-space edgtf-pl-three-columns edgtf-pl-standard-shader    edgtf-pl-pag-no-pagination     \"  data-type=masonry data-space-between-items=large data-number-of-items=-1 data-image-proportions=full data-enable-fixed-proportions=no data-enable-image-shadow=no data-category=polar-serie-negra-a-la-francesa data-orderby=date data-order=ASC data-item-style=standard-shader data-enable-title=yes data-title-tag=h4 data-enable-category=yes data-enable-count-images=yes data-enable-excerpt=no data-excerpt-length=20 data-pagination-type=no-pagination data-filter=no data-filter-order-by=name data-enable-article-animation=no data-portfolio-slider-on=no data-enable-loop=yes data-enable-autoplay=yes data-slider-speed=5000 data-slider-speed-animation=600 data-enable-navigation=yes data-enable-pagination=yes data-max-num-pages=0 data-next-page=2>\n\t\t<div class=\"edgtf-pl-inner edgtf-outer-space clearfix\">\n\t\t<div class=\"edgtf-pl-grid-sizer\"><\/div>\n\t\t<div class=\"edgtf-pl-grid-gutter\"><\/div>\n\t\t<p class=\"edgtf-pl-not-found\">Coming soon.<\/p>\t<\/div>\n\t\n\t<\/div>[\/vc_column][\/vc_row]<\/p>\n<\/div>","protected":false},"excerpt":{"rendered":"<p>[vc_row css=&#8221;.vc_custom_1538589128722{padding-top: 90px !important;padding-right: 40px !important;padding-bottom: 90px !important;padding-left: 40px !important;}&#8221;][vc_column width=&#8221;1\/4&#8243;][\/vc_column][vc_column width=&#8221;1\/2&#8243;][vc_column_text]rance reinterpreted the classic tradition of American film noir in its own way. In [&hellip;]<\/p>\n","protected":false},"author":1,"featured_media":0,"parent":2839,"menu_order":5,"comment_status":"closed","ping_status":"closed","template":"full-width.php","meta":{"_uag_custom_page_level_css":"","_jet_sm_ready_style":"","_jet_sm_style":"","_jet_sm_controls_values":"","_jet_sm_fonts_collection":"","_jet_sm_fonts_links":"","footnotes":""},"class_list":["post-2426","page","type-page","status-publish","hentry"],"yoast_head":"<!-- This site is optimized with the Yoast SEO plugin v27.4 - https:\/\/yoast.com\/product\/yoast-seo-wordpress\/ -->\n<title>Polar: French film noir - Mostra de Val\u00e8ncia<\/title>\n<meta name=\"robots\" content=\"index, follow, max-snippet:-1, max-image-preview:large, max-video-preview:-1\" \/>\n<link rel=\"canonical\" href=\"https:\/\/lamostradevalencia.com\/en\/2018-edition\/polar-french-film-noir\/\" \/>\n<meta property=\"og:locale\" content=\"en_US\" \/>\n<meta property=\"og:type\" content=\"article\" \/>\n<meta property=\"og:title\" content=\"Polar: French film noir - Mostra de Val\u00e8ncia\" \/>\n<meta property=\"og:description\" content=\"[vc_row css=&#8221;.vc_custom_1538589128722{padding-top: 90px !important;padding-right: 40px !important;padding-bottom: 90px !important;padding-left: 40px !important;}&#8221;][vc_column width=&#8221;1\/4&#8243;][\/vc_column][vc_column width=&#8221;1\/2&#8243;][vc_column_text]rance reinterpreted the classic tradition of American film noir in its own way. In [&hellip;]\" \/>\n<meta property=\"og:url\" content=\"https:\/\/lamostradevalencia.com\/en\/2018-edition\/polar-french-film-noir\/\" \/>\n<meta property=\"og:site_name\" content=\"Mostra de Val\u00e8ncia\" \/>\n<meta property=\"article:modified_time\" content=\"2019-08-05T11:06:27+00:00\" \/>\n<meta name=\"twitter:card\" content=\"summary_large_image\" \/>\n<meta name=\"twitter:label1\" content=\"Est. reading time\" \/>\n\t<meta name=\"twitter:data1\" content=\"1 minute\" \/>\n<script type=\"application\/ld+json\" class=\"yoast-schema-graph\">{\"@context\":\"https:\\\/\\\/schema.org\",\"@graph\":[{\"@type\":\"WebPage\",\"@id\":\"https:\\\/\\\/lamostradevalencia.com\\\/en\\\/2018-edition\\\/polar-french-film-noir\\\/\",\"url\":\"https:\\\/\\\/lamostradevalencia.com\\\/en\\\/2018-edition\\\/polar-french-film-noir\\\/\",\"name\":\"Polar: French film noir - Mostra de Val\u00e8ncia\",\"isPartOf\":{\"@id\":\"https:\\\/\\\/lamostradevalencia.com\\\/en\\\/#website\"},\"datePublished\":\"2018-08-06T05:52:16+00:00\",\"dateModified\":\"2019-08-05T11:06:27+00:00\",\"breadcrumb\":{\"@id\":\"https:\\\/\\\/lamostradevalencia.com\\\/en\\\/2018-edition\\\/polar-french-film-noir\\\/#breadcrumb\"},\"inLanguage\":\"en-US\",\"potentialAction\":[{\"@type\":\"ReadAction\",\"target\":[\"https:\\\/\\\/lamostradevalencia.com\\\/en\\\/2018-edition\\\/polar-french-film-noir\\\/\"]}]},{\"@type\":\"BreadcrumbList\",\"@id\":\"https:\\\/\\\/lamostradevalencia.com\\\/en\\\/2018-edition\\\/polar-french-film-noir\\\/#breadcrumb\",\"itemListElement\":[{\"@type\":\"ListItem\",\"position\":1,\"name\":\"Portada\",\"item\":\"https:\\\/\\\/lamostradevalencia.com\\\/en\\\/\"},{\"@type\":\"ListItem\",\"position\":2,\"name\":\"2018 Edition\",\"item\":\"https:\\\/\\\/lamostradevalencia.com\\\/en\\\/edicion-2018\\\/\"},{\"@type\":\"ListItem\",\"position\":3,\"name\":\"Polar: French film noir\"}]},{\"@type\":\"WebSite\",\"@id\":\"https:\\\/\\\/lamostradevalencia.com\\\/en\\\/#website\",\"url\":\"https:\\\/\\\/lamostradevalencia.com\\\/en\\\/\",\"name\":\"Mostra de Val\u00e8ncia\",\"description\":\"Cinema del Mediterrani\",\"potentialAction\":[{\"@type\":\"SearchAction\",\"target\":{\"@type\":\"EntryPoint\",\"urlTemplate\":\"https:\\\/\\\/lamostradevalencia.com\\\/en\\\/?s={search_term_string}\"},\"query-input\":{\"@type\":\"PropertyValueSpecification\",\"valueRequired\":true,\"valueName\":\"search_term_string\"}}],\"inLanguage\":\"en-US\"}]}<\/script>\n<!-- \/ Yoast SEO plugin. -->","yoast_head_json":{"title":"Polar: French film noir - Mostra de Val\u00e8ncia","robots":{"index":"index","follow":"follow","max-snippet":"max-snippet:-1","max-image-preview":"max-image-preview:large","max-video-preview":"max-video-preview:-1"},"canonical":"https:\/\/lamostradevalencia.com\/en\/2018-edition\/polar-french-film-noir\/","og_locale":"en_US","og_type":"article","og_title":"Polar: French film noir - Mostra de Val\u00e8ncia","og_description":"[vc_row css=&#8221;.vc_custom_1538589128722{padding-top: 90px !important;padding-right: 40px !important;padding-bottom: 90px !important;padding-left: 40px !important;}&#8221;][vc_column width=&#8221;1\/4&#8243;][\/vc_column][vc_column width=&#8221;1\/2&#8243;][vc_column_text]rance reinterpreted the classic tradition of American film noir in its own way. In [&hellip;]","og_url":"https:\/\/lamostradevalencia.com\/en\/2018-edition\/polar-french-film-noir\/","og_site_name":"Mostra de Val\u00e8ncia","article_modified_time":"2019-08-05T11:06:27+00:00","twitter_card":"summary_large_image","twitter_misc":{"Est. reading time":"1 minute"},"schema":{"@context":"https:\/\/schema.org","@graph":[{"@type":"WebPage","@id":"https:\/\/lamostradevalencia.com\/en\/2018-edition\/polar-french-film-noir\/","url":"https:\/\/lamostradevalencia.com\/en\/2018-edition\/polar-french-film-noir\/","name":"Polar: French film noir - Mostra de Val\u00e8ncia","isPartOf":{"@id":"https:\/\/lamostradevalencia.com\/en\/#website"},"datePublished":"2018-08-06T05:52:16+00:00","dateModified":"2019-08-05T11:06:27+00:00","breadcrumb":{"@id":"https:\/\/lamostradevalencia.com\/en\/2018-edition\/polar-french-film-noir\/#breadcrumb"},"inLanguage":"en-US","potentialAction":[{"@type":"ReadAction","target":["https:\/\/lamostradevalencia.com\/en\/2018-edition\/polar-french-film-noir\/"]}]},{"@type":"BreadcrumbList","@id":"https:\/\/lamostradevalencia.com\/en\/2018-edition\/polar-french-film-noir\/#breadcrumb","itemListElement":[{"@type":"ListItem","position":1,"name":"Portada","item":"https:\/\/lamostradevalencia.com\/en\/"},{"@type":"ListItem","position":2,"name":"2018 Edition","item":"https:\/\/lamostradevalencia.com\/en\/edicion-2018\/"},{"@type":"ListItem","position":3,"name":"Polar: French film noir"}]},{"@type":"WebSite","@id":"https:\/\/lamostradevalencia.com\/en\/#website","url":"https:\/\/lamostradevalencia.com\/en\/","name":"Mostra de Val\u00e8ncia","description":"Cinema del Mediterrani","potentialAction":[{"@type":"SearchAction","target":{"@type":"EntryPoint","urlTemplate":"https:\/\/lamostradevalencia.com\/en\/?s={search_term_string}"},"query-input":{"@type":"PropertyValueSpecification","valueRequired":true,"valueName":"search_term_string"}}],"inLanguage":"en-US"}]}},"uagb_featured_image_src":{"full":false,"thumbnail":false,"medium":false,"medium_large":false,"large":false,"1536x1536":false,"2048x2048":false,"cinerama_edge_image_square":false,"cinerama_edge_image_landscape":false,"cinerama_edge_image_portrait":false,"cinerama_edge_image_huge":false,"gform-image-choice-sm":false,"gform-image-choice-md":false,"gform-image-choice-lg":false},"uagb_author_info":{"display_name":"Mostra de Val\u00e8ncia","author_link":"https:\/\/lamostradevalencia.com\/en\/author\/mostravalencia\/"},"uagb_comment_info":0,"uagb_excerpt":"[vc_row css=&#8221;.vc_custom_1538589128722{padding-top: 90px !important;padding-right: 40px !important;padding-bottom: 90px !important;padding-left: 40px !important;}&#8221;][vc_column width=&#8221;1\/4&#8243;][\/vc_column][vc_column width=&#8221;1\/2&#8243;][vc_column_text]rance reinterpreted the classic tradition of American film noir in its own way. In [&hellip;]","_links":{"self":[{"href":"https:\/\/lamostradevalencia.com\/en\/wp-json\/wp\/v2\/pages\/2426","targetHints":{"allow":["GET"]}}],"collection":[{"href":"https:\/\/lamostradevalencia.com\/en\/wp-json\/wp\/v2\/pages"}],"about":[{"href":"https:\/\/lamostradevalencia.com\/en\/wp-json\/wp\/v2\/types\/page"}],"author":[{"embeddable":true,"href":"https:\/\/lamostradevalencia.com\/en\/wp-json\/wp\/v2\/users\/1"}],"replies":[{"embeddable":true,"href":"https:\/\/lamostradevalencia.com\/en\/wp-json\/wp\/v2\/comments?post=2426"}],"version-history":[{"count":1,"href":"https:\/\/lamostradevalencia.com\/en\/wp-json\/wp\/v2\/pages\/2426\/revisions"}],"predecessor-version":[{"id":2427,"href":"https:\/\/lamostradevalencia.com\/en\/wp-json\/wp\/v2\/pages\/2426\/revisions\/2427"}],"up":[{"embeddable":true,"href":"https:\/\/lamostradevalencia.com\/en\/wp-json\/wp\/v2\/pages\/2839"}],"wp:attachment":[{"href":"https:\/\/lamostradevalencia.com\/en\/wp-json\/wp\/v2\/media?parent=2426"}],"curies":[{"name":"wp","href":"https:\/\/api.w.org\/{rel}","templated":true}]}}

<div class="wpb-content-wrapper"><p>[vc_row css=&#8221;.vc_custom_1538589128722{padding-top: 90px !important;padding-right: 40px !important;padding-bottom: 90px !important;padding-left: 40px !important;}&#8221;][vc_column width=&#8221;1/4&#8243;][/vc_column][vc_column width=&#8221;1/2&#8243;][vc_column_text]
<span class="edgtf-dropcaps edgtf-normal" style="color: #9980fa">
	<span class="edgtf-dropcaps-inner">
		F	</span>
</span>rance reinterpreted the classic tradition of American film noir in its own way. In 1945, the Gallimard publishing house created a collection called Série Noire, characterised by its black covers. The publishing house translated great American authors of this genre and defended the quality of its works, many of which had originally appeared in popular kiosk magazines. French film directors, who were admirers of those writers, approached the genre to offer their own views on stories, environments and characters that were adapted to their own context, therefore creating an even more specific denomination in French: Polar. <em>Mostra de Valencia–Cinema del Mediterrani </em>proposes an extensive journey from the mid-fifties to current times, including directors such as Jacques Becker, François Truffaut, Jean-Pierre Melville, Bertrand Tavernier, Claude Chabrol, Jacques Audiard or Jean-François Richet, who adapt work from classical authors like David Goodis, Jim Thompson or José Giovanni and modern writers such as Jean-Patrick Manchette or Fred Vargas. In this sense, this retrospective view offers the public a unique opportunity to see how French film noir has evolved over the past decades.[/vc_column_text][/vc_column][vc_column width=&#8221;1/4&#8243;][/vc_column][/vc_row][vc_row css=&#8221;.vc_custom_1538486869251{padding-right: 40px !important;padding-left: 40px !important;}&#8221;][vc_column]<div class="edgtf-portfolio-list-holder edgtf-pl-masonry  edgtf-large-space edgtf-pl-three-columns edgtf-pl-standard-shader    edgtf-pl-pag-no-pagination     "  data-type=masonry data-space-between-items=large data-number-of-items=-1 data-image-proportions=full data-enable-fixed-proportions=no data-enable-image-shadow=no data-category=polar-serie-negra-a-la-francesa data-orderby=date data-order=ASC data-item-style=standard-shader data-enable-title=yes data-title-tag=h4 data-enable-category=yes data-enable-count-images=yes data-enable-excerpt=no data-excerpt-length=20 data-pagination-type=no-pagination data-filter=no data-filter-order-by=name data-enable-article-animation=no data-portfolio-slider-on=no data-enable-loop=yes data-enable-autoplay=yes data-slider-speed=5000 data-slider-speed-animation=600 data-enable-navigation=yes data-enable-pagination=yes data-max-num-pages=0 data-next-page=2>
		<div class="edgtf-pl-inner edgtf-outer-space clearfix">
		<div class="edgtf-pl-grid-sizer"></div>
		<div class="edgtf-pl-grid-gutter"></div>
		<p class="edgtf-pl-not-found">Coming soon.</p>	</div>
	
	</div>[/vc_column][/vc_row]</p>
</div>

<!-- This site is optimized with the Yoast SEO plugin v27.4 - https://yoast.com/product/yoast-seo-wordpress/ -->
<title>Polar: French film noir - Mostra de València</title>
<meta name="robots" content="index, follow, max-snippet:-1, max-image-preview:large, max-video-preview:-1" />
<link rel="canonical" href="https://lamostradevalencia.com/en/2018-edition/polar-french-film-noir/" />
<meta property="og:locale" content="en_US" />
<meta property="og:type" content="article" />
<meta property="og:title" content="Polar: French film noir - Mostra de València" />
<meta property="og:description" content="[vc_row css=&#8221;.vc_custom_1538589128722{padding-top: 90px !important;padding-right: 40px !important;padding-bottom: 90px !important;padding-left: 40px !important;}&#8221;][vc_column width=&#8221;1/4&#8243;][/vc_column][vc_column width=&#8221;1/2&#8243;][vc_column_text]rance reinterpreted the classic tradition of American film noir in its own way. In [&hellip;]" />
<meta property="og:url" content="https://lamostradevalencia.com/en/2018-edition/polar-french-film-noir/" />
<meta property="og:site_name" content="Mostra de València" />
<meta property="article:modified_time" content="2019-08-05T11:06:27+00:00" />
<meta name="twitter:card" content="summary_large_image" />
<meta name="twitter:label1" content="Est. reading time" />
	<meta name="twitter:data1" content="1 minute" />
<script type="application/ld+json" class="yoast-schema-graph">{"@context":"https:\/\/schema.org","@graph":[{"@type":"WebPage","@id":"https:\/\/lamostradevalencia.com\/en\/2018-edition\/polar-french-film-noir\/","url":"https:\/\/lamostradevalencia.com\/en\/2018-edition\/polar-french-film-noir\/","name":"Polar: French film noir - Mostra de València","isPartOf":{"@id":"https:\/\/lamostradevalencia.com\/en\/#website"},"datePublished":"2018-08-06T05:52:16+00:00","dateModified":"2019-08-05T11:06:27+00:00","breadcrumb":{"@id":"https:\/\/lamostradevalencia.com\/en\/2018-edition\/polar-french-film-noir\/#breadcrumb"},"inLanguage":"en-US","potentialAction":[{"@type":"ReadAction","target":["https:\/\/lamostradevalencia.com\/en\/2018-edition\/polar-french-film-noir\/"]}]},{"@type":"BreadcrumbList","@id":"https:\/\/lamostradevalencia.com\/en\/2018-edition\/polar-french-film-noir\/#breadcrumb","itemListElement":[{"@type":"ListItem","position":1,"name":"Portada","item":"https:\/\/lamostradevalencia.com\/en\/"},{"@type":"ListItem","position":2,"name":"2018 Edition","item":"https:\/\/lamostradevalencia.com\/en\/edicion-2018\/"},{"@type":"ListItem","position":3,"name":"Polar: French film noir"}]},{"@type":"WebSite","@id":"https:\/\/lamostradevalencia.com\/en\/#website","url":"https:\/\/lamostradevalencia.com\/en\/","name":"Mostra de València","description":"Cinema del Mediterrani","potentialAction":[{"@type":"SearchAction","target":{"@type":"EntryPoint","urlTemplate":"https:\/\/lamostradevalencia.com\/en\/?s={search_term_string}"},"query-input":{"@type":"PropertyValueSpecification","valueRequired":true,"valueName":"search_term_string"}}],"inLanguage":"en-US"}]}</script>
<!-- / Yoast SEO plugin. -->

Polar: French film noir - Mostra de València

Mostra de València
