{"id":2409,"date":"2018-10-04T11:59:55","date_gmt":"2018-10-04T09:59:55","guid":{"rendered":"https:\/\/lamostradevalencia.com\/la-mostra\/"},"modified":"2025-06-30T07:26:43","modified_gmt":"2025-06-30T05:26:43","slug":"la-mostra","status":"publish","type":"page","link":"https:\/\/lamostradevalencia.com\/en\/la-mostra\/","title":{"rendered":"La Mostra"},"content":{"rendered":"<div class=\"wpb-content-wrapper\"><p>[vc_row gap=&#8221;25&#8243; equal_height=&#8221;yes&#8221; content_placement=&#8221;middle&#8221; row_content_width=&#8221;grid&#8221; css=&#8221;.vc_custom_1538649634707{padding-top: 45px !important;padding-bottom: 90px !important;background-color: #000000 !important;}&#8221; simple_background_color=&#8221;#000000&#8243;][vc_column width=&#8221;1\/2&#8243;]<div class=\"edgtf-section-title-holder  edgtf-st-standard edgtf-st-title-left edgtf-st-ratio-1-2 edgtf-st-large-space\" >\n\t<div class=\"edgtf-st-inner\">\n\t\t\t\t\t<h3 class=\"edgtf-st-title\" style=\"color: #ffffff\">\n\t\t\t\tMOSTRA DE VAL\u00c8NCIA\t\t\t<\/h3>\n\t\t\t\t\t\t\t<h6 class=\"edgtf-st-text\" style=\"color: #ffffff\">\n\t\t\t\tCINEMA DEL MEDITERRANI\t\t\t<\/h6>\n\t\t\t<\/div>\n<\/div>[vc_column_text css=&#8221;.vc_custom_1538647530924{padding-top: 15px !important;}&#8221;]<span style=\"color: #ffffff;\"><em>Mostra de Val\u00e8ncia\u2013Cinema del Mediterrani<\/em> is a gathering both for expert and enthusiast cinema lovers. It is a space where the public and creators meet to enjoy a specially selected programme with the aim of showing high quality titles that are not usually found in commercial circuits.<\/span><\/p>\n<p><span style=\"color: #ffffff;\">The Mostra&#8217;s programme is also specific to a geographic and cultural space as a way of defining our identity from the Mediterranean basin. It is a diverse and plural space, as enriching as it is tragic; a source of inspiration for artistic production, full of contradictions, challenges, clashes, hopes and a future yet to be defined.<\/span>[\/vc_column_text][\/vc_column][vc_column width=&#8221;1\/2&#8243;][vc_single_image image=&#8221;1774&#8243; img_size=&#8221;full&#8221; alignment=&#8221;center&#8221;][\/vc_column][\/vc_row][vc_row gap=&#8221;25&#8243; equal_height=&#8221;yes&#8221; content_placement=&#8221;top&#8221; row_content_width=&#8221;grid&#8221; css=&#8221;.vc_custom_1538649628313{padding-top: 90px !important;padding-bottom: 90px !important;}&#8221;][vc_column width=&#8221;1\/2&#8243; css=&#8221;.vc_custom_1538649563689{padding-bottom: 45px !important;}&#8221;]<div class=\"edgtf-section-title-holder  edgtf-st-standard edgtf-st-title-left edgtf-st-ratio-1-2 edgtf-st-large-space\" style=\"text-align: left\">\n\t<div class=\"edgtf-st-inner\">\n\t\t\t\t\t<h3 class=\"edgtf-st-title\" >\n\t\t\t\tORGANIZATION\t\t\t<\/h3>\n\t\t\t\t\t<\/div>\n<\/div>[vc_column_text css=&#8221;.vc_custom_1751261181518{padding-top: 15px !important;}&#8221;]<\/p>\n<p style=\"font-weight: 400;\">The Subdirectorate of Cinematography and Audiovisuals at the Palau de la M\u00fasica in Val\u00e8ncia is responsible for organizing and developing Mostra de Val\u00e8ncia\u2013Cinema del Mediterrani, with the vision of building a solid, long-term project that establishes the festival as a cultural landmark of the city and for the city, with the greatest possible reach beyond our borders.<\/p>\n<p>[\/vc_column_text][\/vc_column][vc_column width=&#8221;1\/2&#8243;][\/vc_column][\/vc_row][vc_row gap=&#8221;25&#8243; equal_height=&#8221;yes&#8221; content_placement=&#8221;top&#8221; disable_element=&#8221;yes&#8221; row_content_width=&#8221;grid&#8221; css=&#8221;.vc_custom_1751261198669{padding-top: 90px !important;padding-bottom: 90px !important;}&#8221;][vc_column width=&#8221;1\/2&#8243; css=&#8221;.vc_custom_1538649563689{padding-bottom: 45px !important;}&#8221;]<div class=\"edgtf-section-title-holder  edgtf-st-standard edgtf-st-title-left edgtf-st-ratio-1-2 edgtf-st-large-space\" style=\"text-align: left\">\n\t<div class=\"edgtf-st-inner\">\n\t\t\t\t\t<h3 class=\"edgtf-st-title\" >\n\t\t\t\tORGANIZATION\t\t\t<\/h3>\n\t\t\t\t\t<\/div>\n<\/div>[vc_column_text css=&#8221;.vc_custom_1751261191169{padding-top: 15px !important;}&#8221;]The Subdirectorate of Cinematography and Audiovisuals at the Palau de la M\u00fasica in Val\u00e8ncia is responsible for organizing and developing Mostra de Val\u00e8ncia\u2013Cinema del Mediterrani, with the vision of building a solid, long-term project that establishes the festival as a cultural landmark of the city and for the city, with the greatest possible reach beyond our borders.[\/vc_column_text][\/vc_column][vc_column width=&#8221;1\/2&#8243;]<div class=\"edgtf-section-title-holder  edgtf-st-standard edgtf-st-title-left edgtf-st-ratio-1-2 edgtf-st-large-space\" style=\"text-align: left\">\n\t<div class=\"edgtf-st-inner\">\n\t\t\t\t\t<h3 class=\"edgtf-st-title\" >\n\t\t\t\tTRANSPARENCY\t\t\t<\/h3>\n\t\t\t\t\t<\/div>\n<\/div>[vc_column_text css=&#8221;.vc_custom_1539255162878{padding-top: 15px !important;padding-bottom: 15px !important;}&#8221;]Check the transparency website by clicking on the following link:[\/vc_column_text]<a itemprop=\"url\" href=\"http:\/\/www.valencia.es\/transparenciaspl\/ca\/web\/mostra-de-valencia\/inici\" target=\"_self\"  class=\"edgtf-btn edgtf-btn-medium edgtf-btn-simple edgtf-btn- \"  >\n    <span class=\"edgtf-btn-text\">Transparency website<\/span>\n    <\/a>[\/vc_column][\/vc_row]<\/p>\n<\/div>","protected":false},"excerpt":{"rendered":"<p>[vc_row gap=&#8221;25&#8243; equal_height=&#8221;yes&#8221; content_placement=&#8221;middle&#8221; row_content_width=&#8221;grid&#8221; css=&#8221;.vc_custom_1538649634707{padding-top: 45px !important;padding-bottom: 90px !important;background-color: #000000 !important;}&#8221; simple_background_color=&#8221;#000000&#8243;][vc_column width=&#8221;1\/2&#8243;][vc_column_text css=&#8221;.vc_custom_1538647530924{padding-top: 15px !important;}&#8221;]Mostra de Val\u00e8ncia\u2013Cinema del Mediterrani is a gathering both [&hellip;]<\/p>\n","protected":false},"author":1,"featured_media":0,"parent":0,"menu_order":1,"comment_status":"closed","ping_status":"closed","template":"full-width.php","meta":{"_uag_custom_page_level_css":"","_jet_sm_ready_style":"","_jet_sm_style":"","_jet_sm_controls_values":"","_jet_sm_fonts_collection":"","_jet_sm_fonts_links":"","footnotes":""},"class_list":["post-2409","page","type-page","status-publish","hentry"],"yoast_head":"<!-- This site is optimized with the Yoast SEO plugin v27.4 - https:\/\/yoast.com\/product\/yoast-seo-wordpress\/ -->\n<title>La Mostra - Mostra de Val\u00e8ncia<\/title>\n<meta name=\"robots\" content=\"index, follow, max-snippet:-1, max-image-preview:large, max-video-preview:-1\" \/>\n<link rel=\"canonical\" href=\"https:\/\/lamostradevalencia.com\/en\/la-mostra\/\" \/>\n<meta property=\"og:locale\" content=\"en_US\" \/>\n<meta property=\"og:type\" content=\"article\" \/>\n<meta property=\"og:title\" content=\"La Mostra - Mostra de Val\u00e8ncia\" \/>\n<meta property=\"og:description\" content=\"[vc_row gap=&#8221;25&#8243; equal_height=&#8221;yes&#8221; content_placement=&#8221;middle&#8221; row_content_width=&#8221;grid&#8221; css=&#8221;.vc_custom_1538649634707{padding-top: 45px !important;padding-bottom: 90px !important;background-color: #000000 !important;}&#8221; simple_background_color=&#8221;#000000&#8243;][vc_column width=&#8221;1\/2&#8243;][vc_column_text css=&#8221;.vc_custom_1538647530924{padding-top: 15px !important;}&#8221;]Mostra de Val\u00e8ncia\u2013Cinema del Mediterrani is a gathering both [&hellip;]\" \/>\n<meta property=\"og:url\" content=\"https:\/\/lamostradevalencia.com\/en\/la-mostra\/\" \/>\n<meta property=\"og:site_name\" content=\"Mostra de Val\u00e8ncia\" \/>\n<meta property=\"article:modified_time\" content=\"2025-06-30T05:26:43+00:00\" \/>\n<meta name=\"twitter:card\" content=\"summary_large_image\" \/>\n<meta name=\"twitter:label1\" content=\"Est. reading time\" \/>\n\t<meta name=\"twitter:data1\" content=\"2 minutes\" \/>\n<script type=\"application\/ld+json\" class=\"yoast-schema-graph\">{\"@context\":\"https:\\\/\\\/schema.org\",\"@graph\":[{\"@type\":\"WebPage\",\"@id\":\"https:\\\/\\\/lamostradevalencia.com\\\/en\\\/la-mostra\\\/\",\"url\":\"https:\\\/\\\/lamostradevalencia.com\\\/en\\\/la-mostra\\\/\",\"name\":\"La Mostra - Mostra de Val\u00e8ncia\",\"isPartOf\":{\"@id\":\"https:\\\/\\\/lamostradevalencia.com\\\/en\\\/#website\"},\"datePublished\":\"2018-10-04T09:59:55+00:00\",\"dateModified\":\"2025-06-30T05:26:43+00:00\",\"breadcrumb\":{\"@id\":\"https:\\\/\\\/lamostradevalencia.com\\\/en\\\/la-mostra\\\/#breadcrumb\"},\"inLanguage\":\"en-US\",\"potentialAction\":[{\"@type\":\"ReadAction\",\"target\":[\"https:\\\/\\\/lamostradevalencia.com\\\/en\\\/la-mostra\\\/\"]}]},{\"@type\":\"BreadcrumbList\",\"@id\":\"https:\\\/\\\/lamostradevalencia.com\\\/en\\\/la-mostra\\\/#breadcrumb\",\"itemListElement\":[{\"@type\":\"ListItem\",\"position\":1,\"name\":\"Portada\",\"item\":\"https:\\\/\\\/lamostradevalencia.com\\\/en\\\/\"},{\"@type\":\"ListItem\",\"position\":2,\"name\":\"La Mostra\"}]},{\"@type\":\"WebSite\",\"@id\":\"https:\\\/\\\/lamostradevalencia.com\\\/en\\\/#website\",\"url\":\"https:\\\/\\\/lamostradevalencia.com\\\/en\\\/\",\"name\":\"Mostra de Val\u00e8ncia\",\"description\":\"Cinema del Mediterrani\",\"potentialAction\":[{\"@type\":\"SearchAction\",\"target\":{\"@type\":\"EntryPoint\",\"urlTemplate\":\"https:\\\/\\\/lamostradevalencia.com\\\/en\\\/?s={search_term_string}\"},\"query-input\":{\"@type\":\"PropertyValueSpecification\",\"valueRequired\":true,\"valueName\":\"search_term_string\"}}],\"inLanguage\":\"en-US\"}]}<\/script>\n<!-- \/ Yoast SEO plugin. -->","yoast_head_json":{"title":"La Mostra - Mostra de Val\u00e8ncia","robots":{"index":"index","follow":"follow","max-snippet":"max-snippet:-1","max-image-preview":"max-image-preview:large","max-video-preview":"max-video-preview:-1"},"canonical":"https:\/\/lamostradevalencia.com\/en\/la-mostra\/","og_locale":"en_US","og_type":"article","og_title":"La Mostra - Mostra de Val\u00e8ncia","og_description":"[vc_row gap=&#8221;25&#8243; equal_height=&#8221;yes&#8221; content_placement=&#8221;middle&#8221; row_content_width=&#8221;grid&#8221; css=&#8221;.vc_custom_1538649634707{padding-top: 45px !important;padding-bottom: 90px !important;background-color: #000000 !important;}&#8221; simple_background_color=&#8221;#000000&#8243;][vc_column width=&#8221;1\/2&#8243;][vc_column_text css=&#8221;.vc_custom_1538647530924{padding-top: 15px !important;}&#8221;]Mostra de Val\u00e8ncia\u2013Cinema del Mediterrani is a gathering both [&hellip;]","og_url":"https:\/\/lamostradevalencia.com\/en\/la-mostra\/","og_site_name":"Mostra de Val\u00e8ncia","article_modified_time":"2025-06-30T05:26:43+00:00","twitter_card":"summary_large_image","twitter_misc":{"Est. reading time":"2 minutes"},"schema":{"@context":"https:\/\/schema.org","@graph":[{"@type":"WebPage","@id":"https:\/\/lamostradevalencia.com\/en\/la-mostra\/","url":"https:\/\/lamostradevalencia.com\/en\/la-mostra\/","name":"La Mostra - Mostra de Val\u00e8ncia","isPartOf":{"@id":"https:\/\/lamostradevalencia.com\/en\/#website"},"datePublished":"2018-10-04T09:59:55+00:00","dateModified":"2025-06-30T05:26:43+00:00","breadcrumb":{"@id":"https:\/\/lamostradevalencia.com\/en\/la-mostra\/#breadcrumb"},"inLanguage":"en-US","potentialAction":[{"@type":"ReadAction","target":["https:\/\/lamostradevalencia.com\/en\/la-mostra\/"]}]},{"@type":"BreadcrumbList","@id":"https:\/\/lamostradevalencia.com\/en\/la-mostra\/#breadcrumb","itemListElement":[{"@type":"ListItem","position":1,"name":"Portada","item":"https:\/\/lamostradevalencia.com\/en\/"},{"@type":"ListItem","position":2,"name":"La Mostra"}]},{"@type":"WebSite","@id":"https:\/\/lamostradevalencia.com\/en\/#website","url":"https:\/\/lamostradevalencia.com\/en\/","name":"Mostra de Val\u00e8ncia","description":"Cinema del Mediterrani","potentialAction":[{"@type":"SearchAction","target":{"@type":"EntryPoint","urlTemplate":"https:\/\/lamostradevalencia.com\/en\/?s={search_term_string}"},"query-input":{"@type":"PropertyValueSpecification","valueRequired":true,"valueName":"search_term_string"}}],"inLanguage":"en-US"}]}},"uagb_featured_image_src":{"full":false,"thumbnail":false,"medium":false,"medium_large":false,"large":false,"1536x1536":false,"2048x2048":false,"cinerama_edge_image_square":false,"cinerama_edge_image_landscape":false,"cinerama_edge_image_portrait":false,"cinerama_edge_image_huge":false,"gform-image-choice-sm":false,"gform-image-choice-md":false,"gform-image-choice-lg":false},"uagb_author_info":{"display_name":"Mostra de Val\u00e8ncia","author_link":"https:\/\/lamostradevalencia.com\/en\/author\/mostravalencia\/"},"uagb_comment_info":0,"uagb_excerpt":"[vc_row gap=&#8221;25&#8243; equal_height=&#8221;yes&#8221; content_placement=&#8221;middle&#8221; row_content_width=&#8221;grid&#8221; css=&#8221;.vc_custom_1538649634707{padding-top: 45px !important;padding-bottom: 90px !important;background-color: #000000 !important;}&#8221; simple_background_color=&#8221;#000000&#8243;][vc_column width=&#8221;1\/2&#8243;][vc_column_text css=&#8221;.vc_custom_1538647530924{padding-top: 15px !important;}&#8221;]Mostra de Val\u00e8ncia\u2013Cinema del Mediterrani is a gathering both [&hellip;]","_links":{"self":[{"href":"https:\/\/lamostradevalencia.com\/en\/wp-json\/wp\/v2\/pages\/2409","targetHints":{"allow":["GET"]}}],"collection":[{"href":"https:\/\/lamostradevalencia.com\/en\/wp-json\/wp\/v2\/pages"}],"about":[{"href":"https:\/\/lamostradevalencia.com\/en\/wp-json\/wp\/v2\/types\/page"}],"author":[{"embeddable":true,"href":"https:\/\/lamostradevalencia.com\/en\/wp-json\/wp\/v2\/users\/1"}],"replies":[{"embeddable":true,"href":"https:\/\/lamostradevalencia.com\/en\/wp-json\/wp\/v2\/comments?post=2409"}],"version-history":[{"count":7,"href":"https:\/\/lamostradevalencia.com\/en\/wp-json\/wp\/v2\/pages\/2409\/revisions"}],"predecessor-version":[{"id":26642,"href":"https:\/\/lamostradevalencia.com\/en\/wp-json\/wp\/v2\/pages\/2409\/revisions\/26642"}],"wp:attachment":[{"href":"https:\/\/lamostradevalencia.com\/en\/wp-json\/wp\/v2\/media?parent=2409"}],"curies":[{"name":"wp","href":"https:\/\/api.w.org\/{rel}","templated":true}]}}

<div class="wpb-content-wrapper"><p>[vc_row gap=&#8221;25&#8243; equal_height=&#8221;yes&#8221; content_placement=&#8221;middle&#8221; row_content_width=&#8221;grid&#8221; css=&#8221;.vc_custom_1538649634707{padding-top: 45px !important;padding-bottom: 90px !important;background-color: #000000 !important;}&#8221; simple_background_color=&#8221;#000000&#8243;][vc_column width=&#8221;1/2&#8243;]<div class="edgtf-section-title-holder  edgtf-st-standard edgtf-st-title-left edgtf-st-ratio-1-2 edgtf-st-large-space" >
	<div class="edgtf-st-inner">
					<h3 class="edgtf-st-title" style="color: #ffffff">
				MOSTRA DE VALÈNCIA			</h3>
							<h6 class="edgtf-st-text" style="color: #ffffff">
				CINEMA DEL MEDITERRANI			</h6>
			</div>
</div>[vc_column_text css=&#8221;.vc_custom_1538647530924{padding-top: 15px !important;}&#8221;]<span style="color: #ffffff;"><em>Mostra de València–Cinema del Mediterrani</em> is a gathering both for expert and enthusiast cinema lovers. It is a space where the public and creators meet to enjoy a specially selected programme with the aim of showing high quality titles that are not usually found in commercial circuits.</span></p>
<p><span style="color: #ffffff;">The Mostra&#8217;s programme is also specific to a geographic and cultural space as a way of defining our identity from the Mediterranean basin. It is a diverse and plural space, as enriching as it is tragic; a source of inspiration for artistic production, full of contradictions, challenges, clashes, hopes and a future yet to be defined.</span>[/vc_column_text][/vc_column][vc_column width=&#8221;1/2&#8243;][vc_single_image image=&#8221;1774&#8243; img_size=&#8221;full&#8221; alignment=&#8221;center&#8221;][/vc_column][/vc_row][vc_row gap=&#8221;25&#8243; equal_height=&#8221;yes&#8221; content_placement=&#8221;top&#8221; row_content_width=&#8221;grid&#8221; css=&#8221;.vc_custom_1538649628313{padding-top: 90px !important;padding-bottom: 90px !important;}&#8221;][vc_column width=&#8221;1/2&#8243; css=&#8221;.vc_custom_1538649563689{padding-bottom: 45px !important;}&#8221;]<div class="edgtf-section-title-holder  edgtf-st-standard edgtf-st-title-left edgtf-st-ratio-1-2 edgtf-st-large-space" style="text-align: left">
	<div class="edgtf-st-inner">
					<h3 class="edgtf-st-title" >
				ORGANIZATION			</h3>
					</div>
</div>[vc_column_text css=&#8221;.vc_custom_1751261181518{padding-top: 15px !important;}&#8221;]</p>
<p style="font-weight: 400;">The Subdirectorate of Cinematography and Audiovisuals at the Palau de la Música in València is responsible for organizing and developing Mostra de València–Cinema del Mediterrani, with the vision of building a solid, long-term project that establishes the festival as a cultural landmark of the city and for the city, with the greatest possible reach beyond our borders.</p>
<p>[/vc_column_text][/vc_column][vc_column width=&#8221;1/2&#8243;][/vc_column][/vc_row][vc_row gap=&#8221;25&#8243; equal_height=&#8221;yes&#8221; content_placement=&#8221;top&#8221; disable_element=&#8221;yes&#8221; row_content_width=&#8221;grid&#8221; css=&#8221;.vc_custom_1751261198669{padding-top: 90px !important;padding-bottom: 90px !important;}&#8221;][vc_column width=&#8221;1/2&#8243; css=&#8221;.vc_custom_1538649563689{padding-bottom: 45px !important;}&#8221;]<div class="edgtf-section-title-holder  edgtf-st-standard edgtf-st-title-left edgtf-st-ratio-1-2 edgtf-st-large-space" style="text-align: left">
	<div class="edgtf-st-inner">
					<h3 class="edgtf-st-title" >
				ORGANIZATION			</h3>
					</div>
</div>[vc_column_text css=&#8221;.vc_custom_1751261191169{padding-top: 15px !important;}&#8221;]The Subdirectorate of Cinematography and Audiovisuals at the Palau de la Música in València is responsible for organizing and developing Mostra de València–Cinema del Mediterrani, with the vision of building a solid, long-term project that establishes the festival as a cultural landmark of the city and for the city, with the greatest possible reach beyond our borders.[/vc_column_text][/vc_column][vc_column width=&#8221;1/2&#8243;]<div class="edgtf-section-title-holder  edgtf-st-standard edgtf-st-title-left edgtf-st-ratio-1-2 edgtf-st-large-space" style="text-align: left">
	<div class="edgtf-st-inner">
					<h3 class="edgtf-st-title" >
				TRANSPARENCY			</h3>
					</div>
</div>[vc_column_text css=&#8221;.vc_custom_1539255162878{padding-top: 15px !important;padding-bottom: 15px !important;}&#8221;]Check the transparency website by clicking on the following link:[/vc_column_text]<a itemprop="url" href="http://www.valencia.es/transparenciaspl/ca/web/mostra-de-valencia/inici" target="_self"  class="edgtf-btn edgtf-btn-medium edgtf-btn-simple edgtf-btn- "  >
    <span class="edgtf-btn-text">Transparency website</span>
    </a>[/vc_column][/vc_row]</p>
</div>

<p>[vc_row gap=&#8221;25&#8243; equal_height=&#8221;yes&#8221; content_placement=&#8221;middle&#8221; row_content_width=&#8221;grid&#8221; css=&#8221;.vc_custom_1538649634707{padding-top: 45px !important;padding-bottom: 90px !important;background-color: #000000 !important;}&#8221; simple_background_color=&#8221;#000000&#8243;][vc_column width=&#8221;1/2&#8243;][vc_column_text css=&#8221;.vc_custom_1538647530924{padding-top: 15px !important;}&#8221;]Mostra de València–Cinema del Mediterrani is a gathering both [&hellip;]</p>

<!-- This site is optimized with the Yoast SEO plugin v27.4 - https://yoast.com/product/yoast-seo-wordpress/ -->
<title>La Mostra - Mostra de València</title>
<meta name="robots" content="index, follow, max-snippet:-1, max-image-preview:large, max-video-preview:-1" />
<link rel="canonical" href="https://lamostradevalencia.com/en/la-mostra/" />
<meta property="og:locale" content="en_US" />
<meta property="og:type" content="article" />
<meta property="og:title" content="La Mostra - Mostra de València" />
<meta property="og:description" content="[vc_row gap=&#8221;25&#8243; equal_height=&#8221;yes&#8221; content_placement=&#8221;middle&#8221; row_content_width=&#8221;grid&#8221; css=&#8221;.vc_custom_1538649634707{padding-top: 45px !important;padding-bottom: 90px !important;background-color: #000000 !important;}&#8221; simple_background_color=&#8221;#000000&#8243;][vc_column width=&#8221;1/2&#8243;][vc_column_text css=&#8221;.vc_custom_1538647530924{padding-top: 15px !important;}&#8221;]Mostra de València–Cinema del Mediterrani is a gathering both [&hellip;]" />
<meta property="og:url" content="https://lamostradevalencia.com/en/la-mostra/" />
<meta property="og:site_name" content="Mostra de València" />
<meta property="article:modified_time" content="2025-06-30T05:26:43+00:00" />
<meta name="twitter:card" content="summary_large_image" />
<meta name="twitter:label1" content="Est. reading time" />
	<meta name="twitter:data1" content="2 minutes" />
<script type="application/ld+json" class="yoast-schema-graph">{"@context":"https:\/\/schema.org","@graph":[{"@type":"WebPage","@id":"https:\/\/lamostradevalencia.com\/en\/la-mostra\/","url":"https:\/\/lamostradevalencia.com\/en\/la-mostra\/","name":"La Mostra - Mostra de València","isPartOf":{"@id":"https:\/\/lamostradevalencia.com\/en\/#website"},"datePublished":"2018-10-04T09:59:55+00:00","dateModified":"2025-06-30T05:26:43+00:00","breadcrumb":{"@id":"https:\/\/lamostradevalencia.com\/en\/la-mostra\/#breadcrumb"},"inLanguage":"en-US","potentialAction":[{"@type":"ReadAction","target":["https:\/\/lamostradevalencia.com\/en\/la-mostra\/"]}]},{"@type":"BreadcrumbList","@id":"https:\/\/lamostradevalencia.com\/en\/la-mostra\/#breadcrumb","itemListElement":[{"@type":"ListItem","position":1,"name":"Portada","item":"https:\/\/lamostradevalencia.com\/en\/"},{"@type":"ListItem","position":2,"name":"La Mostra"}]},{"@type":"WebSite","@id":"https:\/\/lamostradevalencia.com\/en\/#website","url":"https:\/\/lamostradevalencia.com\/en\/","name":"Mostra de València","description":"Cinema del Mediterrani","potentialAction":[{"@type":"SearchAction","target":{"@type":"EntryPoint","urlTemplate":"https:\/\/lamostradevalencia.com\/en\/?s={search_term_string}"},"query-input":{"@type":"PropertyValueSpecification","valueRequired":true,"valueName":"search_term_string"}}],"inLanguage":"en-US"}]}</script>
<!-- / Yoast SEO plugin. -->

La Mostra - Mostra de València

[vc_row gap=&#8221;25&#8243; equal_height=&#8221;yes&#8221; content_placement=&#8221;middle&#8221; row_content_width=&#8221;grid&#8221; css=&#8221;.vc_custom_1538649634707{padding-top: 45px !important;padding-bottom: 90px !important;background-color: #000000 !important;}&#8221; simple_background_color=&#8221;#000000&#8243;][vc_column width=&#8221;1/2&#8243;][vc_column_text css=&#8221;.vc_custom_1538647530924{padding-top: 15px !important;}&#8221;]Mostra de València–Cinema del Mediterrani is a gathering both [&hellip;]

Mostra de València
