{"id":21776,"date":"2023-09-22T09:15:06","date_gmt":"2023-09-22T07:15:06","guid":{"rendered":"https:\/\/lamostradevalencia.com\/pelicula\/edgar-pera-encuentro-con-el-publico\/"},"modified":"2023-10-10T19:53:45","modified_gmt":"2023-10-10T17:53:45","slug":"edgar-pera-encuentro-con-el-publico","status":"publish","type":"pelicula","link":"https:\/\/lamostradevalencia.com\/ca\/pelicula\/edgar-pera-encuentro-con-el-publico\/","title":{"rendered":"EDGAR P\u00caRA. ENCONTRE AMB EL P\u00daBLIC"},"featured_media":22098,"template":"","categorias-peliculas":[3232,3251],"class_list":["post-21776","pelicula","type-pelicula","status-publish","has-post-thumbnail","hentry","categorias-peliculas-activitats-paral-leles-2023","categorias-peliculas-focus-ca-2023"],"yoast_head":"<!-- This site is optimized with the Yoast SEO plugin v27.4 - https:\/\/yoast.com\/product\/yoast-seo-wordpress\/ -->\n<title>EDGAR P\u00caRA. ENCONTRE AMB EL P\u00daBLIC - Mostra de Val\u00e8ncia<\/title>\n<meta name=\"robots\" content=\"index, follow, max-snippet:-1, max-image-preview:large, max-video-preview:-1\" \/>\n<link rel=\"canonical\" href=\"https:\/\/lamostradevalencia.com\/ca\/pelicula\/edgar-pera-encuentro-con-el-publico\/\" \/>\n<meta property=\"og:locale\" content=\"ca_ES\" \/>\n<meta property=\"og:type\" content=\"article\" \/>\n<meta property=\"og:title\" content=\"EDGAR P\u00caRA. ENCONTRE AMB EL P\u00daBLIC - Mostra de Val\u00e8ncia\" \/>\n<meta property=\"og:url\" content=\"https:\/\/lamostradevalencia.com\/ca\/pelicula\/edgar-pera-encuentro-con-el-publico\/\" \/>\n<meta property=\"og:site_name\" content=\"Mostra de Val\u00e8ncia\" \/>\n<meta property=\"article:modified_time\" content=\"2023-10-10T17:53:45+00:00\" \/>\n<meta property=\"og:image\" content=\"https:\/\/lamostradevalencia.com\/wp-content\/uploads\/2023\/09\/FOTO-EDGAR-PERA-\u00a9-ANA-SOARES-scaled.jpg\" \/>\n\t<meta property=\"og:image:width\" content=\"1879\" \/>\n\t<meta property=\"og:image:height\" content=\"2560\" \/>\n\t<meta property=\"og:image:type\" content=\"image\/jpeg\" \/>\n<meta name=\"twitter:card\" content=\"summary_large_image\" \/>\n<script type=\"application\/ld+json\" class=\"yoast-schema-graph\">{\"@context\":\"https:\\\/\\\/schema.org\",\"@graph\":[{\"@type\":\"WebPage\",\"@id\":\"https:\\\/\\\/lamostradevalencia.com\\\/ca\\\/pelicula\\\/edgar-pera-encuentro-con-el-publico\\\/\",\"url\":\"https:\\\/\\\/lamostradevalencia.com\\\/ca\\\/pelicula\\\/edgar-pera-encuentro-con-el-publico\\\/\",\"name\":\"EDGAR P\u00caRA. ENCONTRE AMB EL P\u00daBLIC - Mostra de Val\u00e8ncia\",\"isPartOf\":{\"@id\":\"https:\\\/\\\/lamostradevalencia.com\\\/ca\\\/#website\"},\"primaryImageOfPage\":{\"@id\":\"https:\\\/\\\/lamostradevalencia.com\\\/ca\\\/pelicula\\\/edgar-pera-encuentro-con-el-publico\\\/#primaryimage\"},\"image\":{\"@id\":\"https:\\\/\\\/lamostradevalencia.com\\\/ca\\\/pelicula\\\/edgar-pera-encuentro-con-el-publico\\\/#primaryimage\"},\"thumbnailUrl\":\"https:\\\/\\\/lamostradevalencia.com\\\/wp-content\\\/uploads\\\/2023\\\/09\\\/FOTO-EDGAR-PERA-2023_1-PHOTO-BY-\u00a9-ANA-SOARES-scaled.jpg\",\"datePublished\":\"2023-09-22T07:15:06+00:00\",\"dateModified\":\"2023-10-10T17:53:45+00:00\",\"breadcrumb\":{\"@id\":\"https:\\\/\\\/lamostradevalencia.com\\\/ca\\\/pelicula\\\/edgar-pera-encuentro-con-el-publico\\\/#breadcrumb\"},\"inLanguage\":\"ca\",\"potentialAction\":[{\"@type\":\"ReadAction\",\"target\":[\"https:\\\/\\\/lamostradevalencia.com\\\/ca\\\/pelicula\\\/edgar-pera-encuentro-con-el-publico\\\/\"]}]},{\"@type\":\"ImageObject\",\"inLanguage\":\"ca\",\"@id\":\"https:\\\/\\\/lamostradevalencia.com\\\/ca\\\/pelicula\\\/edgar-pera-encuentro-con-el-publico\\\/#primaryimage\",\"url\":\"https:\\\/\\\/lamostradevalencia.com\\\/wp-content\\\/uploads\\\/2023\\\/09\\\/FOTO-EDGAR-PERA-2023_1-PHOTO-BY-\u00a9-ANA-SOARES-scaled.jpg\",\"contentUrl\":\"https:\\\/\\\/lamostradevalencia.com\\\/wp-content\\\/uploads\\\/2023\\\/09\\\/FOTO-EDGAR-PERA-2023_1-PHOTO-BY-\u00a9-ANA-SOARES-scaled.jpg\",\"width\":2560,\"height\":1548},{\"@type\":\"BreadcrumbList\",\"@id\":\"https:\\\/\\\/lamostradevalencia.com\\\/ca\\\/pelicula\\\/edgar-pera-encuentro-con-el-publico\\\/#breadcrumb\",\"itemListElement\":[{\"@type\":\"ListItem\",\"position\":1,\"name\":\"Portada\",\"item\":\"https:\\\/\\\/lamostradevalencia.com\\\/ca\\\/\"},{\"@type\":\"ListItem\",\"position\":2,\"name\":\"Pel\u00edculas\",\"item\":\"https:\\\/\\\/lamostradevalencia.com\\\/ca\\\/pelicula\\\/\"},{\"@type\":\"ListItem\",\"position\":3,\"name\":\"EDGAR P\u00caRA. ENCONTRE AMB EL P\u00daBLIC\"}]},{\"@type\":\"WebSite\",\"@id\":\"https:\\\/\\\/lamostradevalencia.com\\\/ca\\\/#website\",\"url\":\"https:\\\/\\\/lamostradevalencia.com\\\/ca\\\/\",\"name\":\"Mostra de Val\u00e8ncia\",\"description\":\"Cinema del Mediterrani\",\"potentialAction\":[{\"@type\":\"SearchAction\",\"target\":{\"@type\":\"EntryPoint\",\"urlTemplate\":\"https:\\\/\\\/lamostradevalencia.com\\\/ca\\\/?s={search_term_string}\"},\"query-input\":{\"@type\":\"PropertyValueSpecification\",\"valueRequired\":true,\"valueName\":\"search_term_string\"}}],\"inLanguage\":\"ca\"}]}<\/script>\n<!-- \/ Yoast SEO plugin. -->","yoast_head_json":{"title":"EDGAR P\u00caRA. ENCONTRE AMB EL P\u00daBLIC - Mostra de Val\u00e8ncia","robots":{"index":"index","follow":"follow","max-snippet":"max-snippet:-1","max-image-preview":"max-image-preview:large","max-video-preview":"max-video-preview:-1"},"canonical":"https:\/\/lamostradevalencia.com\/ca\/pelicula\/edgar-pera-encuentro-con-el-publico\/","og_locale":"ca_ES","og_type":"article","og_title":"EDGAR P\u00caRA. ENCONTRE AMB EL P\u00daBLIC - Mostra de Val\u00e8ncia","og_url":"https:\/\/lamostradevalencia.com\/ca\/pelicula\/edgar-pera-encuentro-con-el-publico\/","og_site_name":"Mostra de Val\u00e8ncia","article_modified_time":"2023-10-10T17:53:45+00:00","og_image":[{"width":1879,"height":2560,"url":"https:\/\/lamostradevalencia.com\/wp-content\/uploads\/2023\/09\/FOTO-EDGAR-PERA-\u00a9-ANA-SOARES-scaled.jpg","type":"image\/jpeg"}],"twitter_card":"summary_large_image","schema":{"@context":"https:\/\/schema.org","@graph":[{"@type":"WebPage","@id":"https:\/\/lamostradevalencia.com\/ca\/pelicula\/edgar-pera-encuentro-con-el-publico\/","url":"https:\/\/lamostradevalencia.com\/ca\/pelicula\/edgar-pera-encuentro-con-el-publico\/","name":"EDGAR P\u00caRA. ENCONTRE AMB EL P\u00daBLIC - Mostra de Val\u00e8ncia","isPartOf":{"@id":"https:\/\/lamostradevalencia.com\/ca\/#website"},"primaryImageOfPage":{"@id":"https:\/\/lamostradevalencia.com\/ca\/pelicula\/edgar-pera-encuentro-con-el-publico\/#primaryimage"},"image":{"@id":"https:\/\/lamostradevalencia.com\/ca\/pelicula\/edgar-pera-encuentro-con-el-publico\/#primaryimage"},"thumbnailUrl":"https:\/\/lamostradevalencia.com\/wp-content\/uploads\/2023\/09\/FOTO-EDGAR-PERA-2023_1-PHOTO-BY-\u00a9-ANA-SOARES-scaled.jpg","datePublished":"2023-09-22T07:15:06+00:00","dateModified":"2023-10-10T17:53:45+00:00","breadcrumb":{"@id":"https:\/\/lamostradevalencia.com\/ca\/pelicula\/edgar-pera-encuentro-con-el-publico\/#breadcrumb"},"inLanguage":"ca","potentialAction":[{"@type":"ReadAction","target":["https:\/\/lamostradevalencia.com\/ca\/pelicula\/edgar-pera-encuentro-con-el-publico\/"]}]},{"@type":"ImageObject","inLanguage":"ca","@id":"https:\/\/lamostradevalencia.com\/ca\/pelicula\/edgar-pera-encuentro-con-el-publico\/#primaryimage","url":"https:\/\/lamostradevalencia.com\/wp-content\/uploads\/2023\/09\/FOTO-EDGAR-PERA-2023_1-PHOTO-BY-\u00a9-ANA-SOARES-scaled.jpg","contentUrl":"https:\/\/lamostradevalencia.com\/wp-content\/uploads\/2023\/09\/FOTO-EDGAR-PERA-2023_1-PHOTO-BY-\u00a9-ANA-SOARES-scaled.jpg","width":2560,"height":1548},{"@type":"BreadcrumbList","@id":"https:\/\/lamostradevalencia.com\/ca\/pelicula\/edgar-pera-encuentro-con-el-publico\/#breadcrumb","itemListElement":[{"@type":"ListItem","position":1,"name":"Portada","item":"https:\/\/lamostradevalencia.com\/ca\/"},{"@type":"ListItem","position":2,"name":"Pel\u00edculas","item":"https:\/\/lamostradevalencia.com\/ca\/pelicula\/"},{"@type":"ListItem","position":3,"name":"EDGAR P\u00caRA. ENCONTRE AMB EL P\u00daBLIC"}]},{"@type":"WebSite","@id":"https:\/\/lamostradevalencia.com\/ca\/#website","url":"https:\/\/lamostradevalencia.com\/ca\/","name":"Mostra de Val\u00e8ncia","description":"Cinema del Mediterrani","potentialAction":[{"@type":"SearchAction","target":{"@type":"EntryPoint","urlTemplate":"https:\/\/lamostradevalencia.com\/ca\/?s={search_term_string}"},"query-input":{"@type":"PropertyValueSpecification","valueRequired":true,"valueName":"search_term_string"}}],"inLanguage":"ca"}]}},"uagb_featured_image_src":{"full":["https:\/\/lamostradevalencia.com\/wp-content\/uploads\/2023\/09\/FOTO-EDGAR-PERA-2023_1-PHOTO-BY-\u00a9-ANA-SOARES-scaled.jpg",2560,1548,false],"thumbnail":["https:\/\/lamostradevalencia.com\/wp-content\/uploads\/2023\/09\/FOTO-EDGAR-PERA-2023_1-PHOTO-BY-\u00a9-ANA-SOARES-150x150.jpg",150,150,true],"medium":["https:\/\/lamostradevalencia.com\/wp-content\/uploads\/2023\/09\/FOTO-EDGAR-PERA-2023_1-PHOTO-BY-\u00a9-ANA-SOARES-300x181.jpg",300,181,true],"medium_large":["https:\/\/lamostradevalencia.com\/wp-content\/uploads\/2023\/09\/FOTO-EDGAR-PERA-2023_1-PHOTO-BY-\u00a9-ANA-SOARES-768x464.jpg",768,464,true],"large":["https:\/\/lamostradevalencia.com\/wp-content\/uploads\/2023\/09\/FOTO-EDGAR-PERA-2023_1-PHOTO-BY-\u00a9-ANA-SOARES-1024x619.jpg",1024,619,true],"1536x1536":["https:\/\/lamostradevalencia.com\/wp-content\/uploads\/2023\/09\/FOTO-EDGAR-PERA-2023_1-PHOTO-BY-\u00a9-ANA-SOARES-1536x929.jpg",1536,929,true],"2048x2048":["https:\/\/lamostradevalencia.com\/wp-content\/uploads\/2023\/09\/FOTO-EDGAR-PERA-2023_1-PHOTO-BY-\u00a9-ANA-SOARES-2048x1238.jpg",2048,1238,true],"cinerama_edge_image_square":["https:\/\/lamostradevalencia.com\/wp-content\/uploads\/2023\/09\/FOTO-EDGAR-PERA-2023_1-PHOTO-BY-\u00a9-ANA-SOARES-550x550.jpg",550,550,true],"cinerama_edge_image_landscape":["https:\/\/lamostradevalencia.com\/wp-content\/uploads\/2023\/09\/FOTO-EDGAR-PERA-2023_1-PHOTO-BY-\u00a9-ANA-SOARES-1100x550.jpg",1100,550,true],"cinerama_edge_image_portrait":["https:\/\/lamostradevalencia.com\/wp-content\/uploads\/2023\/09\/FOTO-EDGAR-PERA-2023_1-PHOTO-BY-\u00a9-ANA-SOARES-550x1100.jpg",550,1100,true],"cinerama_edge_image_huge":["https:\/\/lamostradevalencia.com\/wp-content\/uploads\/2023\/09\/FOTO-EDGAR-PERA-2023_1-PHOTO-BY-\u00a9-ANA-SOARES-1100x1100.jpg",1100,1100,true],"gform-image-choice-sm":["https:\/\/lamostradevalencia.com\/wp-content\/uploads\/2023\/09\/FOTO-EDGAR-PERA-2023_1-PHOTO-BY-\u00a9-ANA-SOARES-scaled.jpg",300,181,false],"gform-image-choice-md":["https:\/\/lamostradevalencia.com\/wp-content\/uploads\/2023\/09\/FOTO-EDGAR-PERA-2023_1-PHOTO-BY-\u00a9-ANA-SOARES-scaled.jpg",400,242,false],"gform-image-choice-lg":["https:\/\/lamostradevalencia.com\/wp-content\/uploads\/2023\/09\/FOTO-EDGAR-PERA-2023_1-PHOTO-BY-\u00a9-ANA-SOARES-scaled.jpg",600,363,false]},"uagb_author_info":{"display_name":"contenidos","author_link":"https:\/\/lamostradevalencia.com\/ca\/author\/"},"uagb_comment_info":0,"uagb_excerpt":null,"_links":{"self":[{"href":"https:\/\/lamostradevalencia.com\/ca\/wp-json\/wp\/v2\/pelicula\/21776","targetHints":{"allow":["GET"]}}],"collection":[{"href":"https:\/\/lamostradevalencia.com\/ca\/wp-json\/wp\/v2\/pelicula"}],"about":[{"href":"https:\/\/lamostradevalencia.com\/ca\/wp-json\/wp\/v2\/types\/pelicula"}],"version-history":[{"count":0,"href":"https:\/\/lamostradevalencia.com\/ca\/wp-json\/wp\/v2\/pelicula\/21776\/revisions"}],"wp:featuredmedia":[{"embeddable":true,"href":"https:\/\/lamostradevalencia.com\/ca\/wp-json\/wp\/v2\/media\/22098"}],"wp:attachment":[{"href":"https:\/\/lamostradevalencia.com\/ca\/wp-json\/wp\/v2\/media?parent=21776"}],"wp:term":[{"taxonomy":"categorias-peliculas","embeddable":true,"href":"https:\/\/lamostradevalencia.com\/ca\/wp-json\/wp\/v2\/categorias-peliculas?post=21776"}],"curies":[{"name":"wp","href":"https:\/\/api.w.org\/{rel}","templated":true}]}}

EDGAR PÊRA. ENCONTRE AMB EL PÚBLIC

<!-- This site is optimized with the Yoast SEO plugin v27.4 - https://yoast.com/product/yoast-seo-wordpress/ -->
<title>EDGAR PÊRA. ENCONTRE AMB EL PÚBLIC - Mostra de València</title>
<meta name="robots" content="index, follow, max-snippet:-1, max-image-preview:large, max-video-preview:-1" />
<link rel="canonical" href="https://lamostradevalencia.com/ca/pelicula/edgar-pera-encuentro-con-el-publico/" />
<meta property="og:locale" content="ca_ES" />
<meta property="og:type" content="article" />
<meta property="og:title" content="EDGAR PÊRA. ENCONTRE AMB EL PÚBLIC - Mostra de València" />
<meta property="og:url" content="https://lamostradevalencia.com/ca/pelicula/edgar-pera-encuentro-con-el-publico/" />
<meta property="og:site_name" content="Mostra de València" />
<meta property="article:modified_time" content="2023-10-10T17:53:45+00:00" />
<meta property="og:image" content="https://lamostradevalencia.com/wp-content/uploads/2023/09/FOTO-EDGAR-PERA-©-ANA-SOARES-scaled.jpg" />
	<meta property="og:image:width" content="1879" />
	<meta property="og:image:height" content="2560" />
	<meta property="og:image:type" content="image/jpeg" />
<meta name="twitter:card" content="summary_large_image" />
<script type="application/ld+json" class="yoast-schema-graph">{"@context":"https:\/\/schema.org","@graph":[{"@type":"WebPage","@id":"https:\/\/lamostradevalencia.com\/ca\/pelicula\/edgar-pera-encuentro-con-el-publico\/","url":"https:\/\/lamostradevalencia.com\/ca\/pelicula\/edgar-pera-encuentro-con-el-publico\/","name":"EDGAR PÊRA. ENCONTRE AMB EL PÚBLIC - Mostra de València","isPartOf":{"@id":"https:\/\/lamostradevalencia.com\/ca\/#website"},"primaryImageOfPage":{"@id":"https:\/\/lamostradevalencia.com\/ca\/pelicula\/edgar-pera-encuentro-con-el-publico\/#primaryimage"},"image":{"@id":"https:\/\/lamostradevalencia.com\/ca\/pelicula\/edgar-pera-encuentro-con-el-publico\/#primaryimage"},"thumbnailUrl":"https:\/\/lamostradevalencia.com\/wp-content\/uploads\/2023\/09\/FOTO-EDGAR-PERA-2023_1-PHOTO-BY-©-ANA-SOARES-scaled.jpg","datePublished":"2023-09-22T07:15:06+00:00","dateModified":"2023-10-10T17:53:45+00:00","breadcrumb":{"@id":"https:\/\/lamostradevalencia.com\/ca\/pelicula\/edgar-pera-encuentro-con-el-publico\/#breadcrumb"},"inLanguage":"ca","potentialAction":[{"@type":"ReadAction","target":["https:\/\/lamostradevalencia.com\/ca\/pelicula\/edgar-pera-encuentro-con-el-publico\/"]}]},{"@type":"ImageObject","inLanguage":"ca","@id":"https:\/\/lamostradevalencia.com\/ca\/pelicula\/edgar-pera-encuentro-con-el-publico\/#primaryimage","url":"https:\/\/lamostradevalencia.com\/wp-content\/uploads\/2023\/09\/FOTO-EDGAR-PERA-2023_1-PHOTO-BY-©-ANA-SOARES-scaled.jpg","contentUrl":"https:\/\/lamostradevalencia.com\/wp-content\/uploads\/2023\/09\/FOTO-EDGAR-PERA-2023_1-PHOTO-BY-©-ANA-SOARES-scaled.jpg","width":2560,"height":1548},{"@type":"BreadcrumbList","@id":"https:\/\/lamostradevalencia.com\/ca\/pelicula\/edgar-pera-encuentro-con-el-publico\/#breadcrumb","itemListElement":[{"@type":"ListItem","position":1,"name":"Portada","item":"https:\/\/lamostradevalencia.com\/ca\/"},{"@type":"ListItem","position":2,"name":"Películas","item":"https:\/\/lamostradevalencia.com\/ca\/pelicula\/"},{"@type":"ListItem","position":3,"name":"EDGAR PÊRA. ENCONTRE AMB EL PÚBLIC"}]},{"@type":"WebSite","@id":"https:\/\/lamostradevalencia.com\/ca\/#website","url":"https:\/\/lamostradevalencia.com\/ca\/","name":"Mostra de València","description":"Cinema del Mediterrani","potentialAction":[{"@type":"SearchAction","target":{"@type":"EntryPoint","urlTemplate":"https:\/\/lamostradevalencia.com\/ca\/?s={search_term_string}"},"query-input":{"@type":"PropertyValueSpecification","valueRequired":true,"valueName":"search_term_string"}}],"inLanguage":"ca"}]}</script>
<!-- / Yoast SEO plugin. -->

EDGAR PÊRA. ENCONTRE AMB EL PÚBLIC - Mostra de València

Mostra de València

Películas
