{"id":29811,"date":"2025-10-17T21:09:08","date_gmt":"2025-10-17T19:09:08","guid":{"rendered":"https:\/\/lamostradevalencia.com\/?page_id=29811"},"modified":"2025-11-03T13:52:26","modified_gmt":"2025-11-03T12:52:26","slug":"palmares-2025","status":"publish","type":"page","link":"https:\/\/lamostradevalencia.com\/ca\/edicio-2025\/palmares-2025\/","title":{"rendered":"Palmar\u00e9s"},"content":{"rendered":"<div class=\"wpb-content-wrapper\"><p>[vc_row disable_element=&#8221;yes&#8221;][vc_column]<div class=\"templatera_shortcode\"><style type=\"text\/css\" data-type=\"vc_shortcodes-default-css\">.vc_do_custom_heading{margin-bottom:0.625rem;margin-top:0;}<\/style><style type=\"text\/css\" data-type=\"vc_shortcodes-custom-css\">.vc_custom_1600184094996{padding-top: 100px !important;padding-bottom: 100px !important;}<\/style><div class=\"vc_row wpb_row vc_row-fluid vc_custom_1600184094996\" ><div class=\"wpb_column vc_column_container vc_col-sm-12\"><div class=\"vc_column-inner\"><div class=\"wpb_wrapper\"><h2 style=\"text-align: center\" class=\"vc_custom_heading vc_do_custom_heading\" >Coming soon...<\/h2><\/div><\/div><\/div><\/div><\/div>[\/vc_column][\/vc_row][vc_row][vc_column width=&#8221;1\/2&#8243;][vc_single_image image=&#8221;30878&#8243; img_size=&#8221;full&#8221; css=&#8221;&#8221;][\/vc_column][vc_column width=&#8221;1\/2&#8243;][vc_custom_heading text=&#8221;Palmar\u00e9s 40a Edici\u00f3 Mostra de Val\u00e8ncia (2025)&#8221; font_container=&#8221;tag:h1|text_align:left&#8221; use_theme_fonts=&#8221;yes&#8221; css=&#8221;&#8221;][vc_column_text css=&#8221;&#8221;]<strong>Palmera d\u2019Or: <b>Aisha Can\u00b4t Fly Away<\/b><\/strong><br data-start=\"61\" data-end=\"64\" \/><strong>Palmera de Plata: <b>Pieces of a foreign life<\/b><\/strong><br data-start=\"81\" data-end=\"84\" \/><strong>Millor direcci\u00f3: <b>G\u00f6zde Kural por Cinema Jazireh<\/b><\/strong><br data-start=\"100\" data-end=\"103\" \/><strong>Millor actor: <b>Albano Jer\u00f3nimo por Primeira pessoa do plural<\/b><\/strong><br data-start=\"116\" data-end=\"119\" \/><strong>Millor actriu: <b>Zam Ami por Pieces of a foreign life<\/b><\/strong><br data-start=\"133\" data-end=\"136\" \/><strong>Millor gui\u00f3: <b>Prometido el cielo<\/b><\/strong><br data-start=\"148\" data-end=\"151\" \/><strong>Millor fotografia: <b>Primeira pessoa do plural<\/b><\/strong><br data-start=\"169\" data-end=\"172\" \/><strong>Millor m\u00fasica: <b>Broken vein<\/b><\/strong><br data-start=\"186\" data-end=\"189\" \/><strong>Xaloc: <b>La voz de Hind<\/b><\/strong><br \/>\n<strong>La Cabina: <b>Un ciel si bas<\/b><\/strong><\/p>\n<p>[\/vc_column_text][vc_empty_space height=&#8221;64px&#8221;][\/vc_column][\/vc_row]<\/p>\n<\/div>","protected":false},"excerpt":{"rendered":"Palmar\u00e9s 40a Edici\u00f3 Mostra de Val\u00e8ncia (2025) Palmera d\u2019Or: Aisha Can\u00b4t Fly AwayPalmera de Plata: Pieces of a foreign lifeMillor direcci\u00f3: G\u00f6zde Kural por Cinema [...]","protected":false},"author":1,"featured_media":0,"parent":26942,"menu_order":5,"comment_status":"closed","ping_status":"closed","template":"","meta":{"_uag_custom_page_level_css":"","_jet_sm_ready_style":"","_jet_sm_style":"","_jet_sm_controls_values":"","_jet_sm_fonts_collection":"","_jet_sm_fonts_links":"","footnotes":""},"class_list":["post-29811","page","type-page","status-publish","hentry"],"yoast_head":"<!-- This site is optimized with the Yoast SEO plugin v27.5 - https:\/\/yoast.com\/product\/yoast-seo-wordpress\/ -->\n<title>Palmar\u00e9s - Mostra de Val\u00e8ncia<\/title>\n<meta name=\"robots\" content=\"index, follow, max-snippet:-1, max-image-preview:large, max-video-preview:-1\" \/>\n<link rel=\"canonical\" href=\"https:\/\/lamostradevalencia.com\/ca\/edicio-2025\/palmares-2025\/\" \/>\n<meta property=\"og:locale\" content=\"ca_ES\" \/>\n<meta property=\"og:type\" content=\"article\" \/>\n<meta property=\"og:title\" content=\"Palmar\u00e9s - Mostra de Val\u00e8ncia\" \/>\n<meta property=\"og:url\" content=\"https:\/\/lamostradevalencia.com\/ca\/edicio-2025\/palmares-2025\/\" \/>\n<meta property=\"og:site_name\" content=\"Mostra de Val\u00e8ncia\" \/>\n<meta property=\"article:modified_time\" content=\"2025-11-03T12:52:26+00:00\" \/>\n<meta name=\"twitter:card\" content=\"summary_large_image\" \/>\n<meta name=\"twitter:label1\" content=\"Temps estimat de lectura\" \/>\n\t<meta name=\"twitter:data1\" content=\"1 minut\" \/>\n<script type=\"application\/ld+json\" class=\"yoast-schema-graph\">{\"@context\":\"https:\\\/\\\/schema.org\",\"@graph\":[{\"@type\":\"WebPage\",\"@id\":\"https:\\\/\\\/lamostradevalencia.com\\\/ca\\\/edicio-2025\\\/palmares-2025\\\/\",\"url\":\"https:\\\/\\\/lamostradevalencia.com\\\/ca\\\/edicio-2025\\\/palmares-2025\\\/\",\"name\":\"Palmar\u00e9s - Mostra de Val\u00e8ncia\",\"isPartOf\":{\"@id\":\"https:\\\/\\\/lamostradevalencia.com\\\/ca\\\/#website\"},\"datePublished\":\"2025-10-17T19:09:08+00:00\",\"dateModified\":\"2025-11-03T12:52:26+00:00\",\"breadcrumb\":{\"@id\":\"https:\\\/\\\/lamostradevalencia.com\\\/ca\\\/edicio-2025\\\/palmares-2025\\\/#breadcrumb\"},\"inLanguage\":\"ca\",\"potentialAction\":[{\"@type\":\"ReadAction\",\"target\":[\"https:\\\/\\\/lamostradevalencia.com\\\/ca\\\/edicio-2025\\\/palmares-2025\\\/\"]}]},{\"@type\":\"BreadcrumbList\",\"@id\":\"https:\\\/\\\/lamostradevalencia.com\\\/ca\\\/edicio-2025\\\/palmares-2025\\\/#breadcrumb\",\"itemListElement\":[{\"@type\":\"ListItem\",\"position\":1,\"name\":\"Portada\",\"item\":\"https:\\\/\\\/lamostradevalencia.com\\\/ca\\\/\"},{\"@type\":\"ListItem\",\"position\":2,\"name\":\"Edici\u00f3 2025\",\"item\":\"https:\\\/\\\/lamostradevalencia.com\\\/ca\\\/edicio-2025\\\/\"},{\"@type\":\"ListItem\",\"position\":3,\"name\":\"Palmar\u00e9s\"}]},{\"@type\":\"WebSite\",\"@id\":\"https:\\\/\\\/lamostradevalencia.com\\\/ca\\\/#website\",\"url\":\"https:\\\/\\\/lamostradevalencia.com\\\/ca\\\/\",\"name\":\"Mostra de Val\u00e8ncia\",\"description\":\"Cinema del Mediterrani\",\"potentialAction\":[{\"@type\":\"SearchAction\",\"target\":{\"@type\":\"EntryPoint\",\"urlTemplate\":\"https:\\\/\\\/lamostradevalencia.com\\\/ca\\\/?s={search_term_string}\"},\"query-input\":{\"@type\":\"PropertyValueSpecification\",\"valueRequired\":true,\"valueName\":\"search_term_string\"}}],\"inLanguage\":\"ca\"}]}<\/script>\n<!-- \/ Yoast SEO plugin. -->","yoast_head_json":{"title":"Palmar\u00e9s - Mostra de Val\u00e8ncia","robots":{"index":"index","follow":"follow","max-snippet":"max-snippet:-1","max-image-preview":"max-image-preview:large","max-video-preview":"max-video-preview:-1"},"canonical":"https:\/\/lamostradevalencia.com\/ca\/edicio-2025\/palmares-2025\/","og_locale":"ca_ES","og_type":"article","og_title":"Palmar\u00e9s - Mostra de Val\u00e8ncia","og_url":"https:\/\/lamostradevalencia.com\/ca\/edicio-2025\/palmares-2025\/","og_site_name":"Mostra de Val\u00e8ncia","article_modified_time":"2025-11-03T12:52:26+00:00","twitter_card":"summary_large_image","twitter_misc":{"Temps estimat de lectura":"1 minut"},"schema":{"@context":"https:\/\/schema.org","@graph":[{"@type":"WebPage","@id":"https:\/\/lamostradevalencia.com\/ca\/edicio-2025\/palmares-2025\/","url":"https:\/\/lamostradevalencia.com\/ca\/edicio-2025\/palmares-2025\/","name":"Palmar\u00e9s - Mostra de Val\u00e8ncia","isPartOf":{"@id":"https:\/\/lamostradevalencia.com\/ca\/#website"},"datePublished":"2025-10-17T19:09:08+00:00","dateModified":"2025-11-03T12:52:26+00:00","breadcrumb":{"@id":"https:\/\/lamostradevalencia.com\/ca\/edicio-2025\/palmares-2025\/#breadcrumb"},"inLanguage":"ca","potentialAction":[{"@type":"ReadAction","target":["https:\/\/lamostradevalencia.com\/ca\/edicio-2025\/palmares-2025\/"]}]},{"@type":"BreadcrumbList","@id":"https:\/\/lamostradevalencia.com\/ca\/edicio-2025\/palmares-2025\/#breadcrumb","itemListElement":[{"@type":"ListItem","position":1,"name":"Portada","item":"https:\/\/lamostradevalencia.com\/ca\/"},{"@type":"ListItem","position":2,"name":"Edici\u00f3 2025","item":"https:\/\/lamostradevalencia.com\/ca\/edicio-2025\/"},{"@type":"ListItem","position":3,"name":"Palmar\u00e9s"}]},{"@type":"WebSite","@id":"https:\/\/lamostradevalencia.com\/ca\/#website","url":"https:\/\/lamostradevalencia.com\/ca\/","name":"Mostra de Val\u00e8ncia","description":"Cinema del Mediterrani","potentialAction":[{"@type":"SearchAction","target":{"@type":"EntryPoint","urlTemplate":"https:\/\/lamostradevalencia.com\/ca\/?s={search_term_string}"},"query-input":{"@type":"PropertyValueSpecification","valueRequired":true,"valueName":"search_term_string"}}],"inLanguage":"ca"}]}},"uagb_featured_image_src":{"full":false,"thumbnail":false,"medium":false,"medium_large":false,"large":false,"1536x1536":false,"2048x2048":false,"cinerama_edge_image_square":false,"cinerama_edge_image_landscape":false,"cinerama_edge_image_portrait":false,"cinerama_edge_image_huge":false,"gform-image-choice-sm":false,"gform-image-choice-md":false,"gform-image-choice-lg":false},"uagb_author_info":{"display_name":"Mostra de Val\u00e8ncia","author_link":"https:\/\/lamostradevalencia.com\/ca\/author\/mostravalencia\/"},"uagb_comment_info":0,"uagb_excerpt":null,"_links":{"self":[{"href":"https:\/\/lamostradevalencia.com\/ca\/wp-json\/wp\/v2\/pages\/29811","targetHints":{"allow":["GET"]}}],"collection":[{"href":"https:\/\/lamostradevalencia.com\/ca\/wp-json\/wp\/v2\/pages"}],"about":[{"href":"https:\/\/lamostradevalencia.com\/ca\/wp-json\/wp\/v2\/types\/page"}],"author":[{"embeddable":true,"href":"https:\/\/lamostradevalencia.com\/ca\/wp-json\/wp\/v2\/users\/1"}],"replies":[{"embeddable":true,"href":"https:\/\/lamostradevalencia.com\/ca\/wp-json\/wp\/v2\/comments?post=29811"}],"version-history":[{"count":6,"href":"https:\/\/lamostradevalencia.com\/ca\/wp-json\/wp\/v2\/pages\/29811\/revisions"}],"predecessor-version":[{"id":30890,"href":"https:\/\/lamostradevalencia.com\/ca\/wp-json\/wp\/v2\/pages\/29811\/revisions\/30890"}],"up":[{"embeddable":true,"href":"https:\/\/lamostradevalencia.com\/ca\/wp-json\/wp\/v2\/pages\/26942"}],"wp:attachment":[{"href":"https:\/\/lamostradevalencia.com\/ca\/wp-json\/wp\/v2\/media?parent=29811"}],"curies":[{"name":"wp","href":"https:\/\/api.w.org\/{rel}","templated":true}]}}

Palmarés

<div class="wpb-content-wrapper"><p>[vc_row disable_element=&#8221;yes&#8221;][vc_column]<div class="templatera_shortcode"><style type="text/css" data-type="vc_shortcodes-default-css">.vc_do_custom_heading{margin-bottom:0.625rem;margin-top:0;}</style><style type="text/css" data-type="vc_shortcodes-custom-css">.vc_custom_1600184094996{padding-top: 100px !important;padding-bottom: 100px !important;}</style><div class="vc_row wpb_row vc_row-fluid vc_custom_1600184094996" ><div class="wpb_column vc_column_container vc_col-sm-12"><div class="vc_column-inner"><div class="wpb_wrapper"><h2 style="text-align: center" class="vc_custom_heading vc_do_custom_heading" >Coming soon...</h2></div></div></div></div></div>[/vc_column][/vc_row][vc_row][vc_column width=&#8221;1/2&#8243;][vc_single_image image=&#8221;30878&#8243; img_size=&#8221;full&#8221; css=&#8221;&#8221;][/vc_column][vc_column width=&#8221;1/2&#8243;][vc_custom_heading text=&#8221;Palmarés 40a Edició Mostra de València (2025)&#8221; font_container=&#8221;tag:h1|text_align:left&#8221; use_theme_fonts=&#8221;yes&#8221; css=&#8221;&#8221;][vc_column_text css=&#8221;&#8221;]<strong>Palmera d’Or: <b>Aisha Can´t Fly Away</b></strong><br data-start="61" data-end="64" /><strong>Palmera de Plata: <b>Pieces of a foreign life</b></strong><br data-start="81" data-end="84" /><strong>Millor direcció: <b>Gözde Kural por Cinema Jazireh</b></strong><br data-start="100" data-end="103" /><strong>Millor actor: <b>Albano Jerónimo por Primeira pessoa do plural</b></strong><br data-start="116" data-end="119" /><strong>Millor actriu: <b>Zam Ami por Pieces of a foreign life</b></strong><br data-start="133" data-end="136" /><strong>Millor guió: <b>Prometido el cielo</b></strong><br data-start="148" data-end="151" /><strong>Millor fotografia: <b>Primeira pessoa do plural</b></strong><br data-start="169" data-end="172" /><strong>Millor música: <b>Broken vein</b></strong><br data-start="186" data-end="189" /><strong>Xaloc: <b>La voz de Hind</b></strong><br />
<strong>La Cabina: <b>Un ciel si bas</b></strong></p>
<p>[/vc_column_text][vc_empty_space height=&#8221;64px&#8221;][/vc_column][/vc_row]</p>
</div>

Palmarés 40a Edició Mostra de València (2025) Palmera d’Or: Aisha Can´t Fly AwayPalmera de Plata: Pieces of a foreign lifeMillor direcció: Gözde Kural por Cinema [...]

<!-- This site is optimized with the Yoast SEO plugin v27.5 - https://yoast.com/product/yoast-seo-wordpress/ -->
<title>Palmarés - Mostra de València</title>
<meta name="robots" content="index, follow, max-snippet:-1, max-image-preview:large, max-video-preview:-1" />
<link rel="canonical" href="https://lamostradevalencia.com/ca/edicio-2025/palmares-2025/" />
<meta property="og:locale" content="ca_ES" />
<meta property="og:type" content="article" />
<meta property="og:title" content="Palmarés - Mostra de València" />
<meta property="og:url" content="https://lamostradevalencia.com/ca/edicio-2025/palmares-2025/" />
<meta property="og:site_name" content="Mostra de València" />
<meta property="article:modified_time" content="2025-11-03T12:52:26+00:00" />
<meta name="twitter:card" content="summary_large_image" />
<meta name="twitter:label1" content="Temps estimat de lectura" />
	<meta name="twitter:data1" content="1 minut" />
<script type="application/ld+json" class="yoast-schema-graph">{"@context":"https:\/\/schema.org","@graph":[{"@type":"WebPage","@id":"https:\/\/lamostradevalencia.com\/ca\/edicio-2025\/palmares-2025\/","url":"https:\/\/lamostradevalencia.com\/ca\/edicio-2025\/palmares-2025\/","name":"Palmarés - Mostra de València","isPartOf":{"@id":"https:\/\/lamostradevalencia.com\/ca\/#website"},"datePublished":"2025-10-17T19:09:08+00:00","dateModified":"2025-11-03T12:52:26+00:00","breadcrumb":{"@id":"https:\/\/lamostradevalencia.com\/ca\/edicio-2025\/palmares-2025\/#breadcrumb"},"inLanguage":"ca","potentialAction":[{"@type":"ReadAction","target":["https:\/\/lamostradevalencia.com\/ca\/edicio-2025\/palmares-2025\/"]}]},{"@type":"BreadcrumbList","@id":"https:\/\/lamostradevalencia.com\/ca\/edicio-2025\/palmares-2025\/#breadcrumb","itemListElement":[{"@type":"ListItem","position":1,"name":"Portada","item":"https:\/\/lamostradevalencia.com\/ca\/"},{"@type":"ListItem","position":2,"name":"Edició 2025","item":"https:\/\/lamostradevalencia.com\/ca\/edicio-2025\/"},{"@type":"ListItem","position":3,"name":"Palmarés"}]},{"@type":"WebSite","@id":"https:\/\/lamostradevalencia.com\/ca\/#website","url":"https:\/\/lamostradevalencia.com\/ca\/","name":"Mostra de València","description":"Cinema del Mediterrani","potentialAction":[{"@type":"SearchAction","target":{"@type":"EntryPoint","urlTemplate":"https:\/\/lamostradevalencia.com\/ca\/?s={search_term_string}"},"query-input":{"@type":"PropertyValueSpecification","valueRequired":true,"valueName":"search_term_string"}}],"inLanguage":"ca"}]}</script>
<!-- / Yoast SEO plugin. -->

Palmarés - Mostra de València

Mostra de València

Edició 2025
