{"id":2105,"date":"2018-10-04T11:59:55","date_gmt":"2018-10-04T09:59:55","guid":{"rendered":"https:\/\/lamostradevalencia.com\/la-mostra\/"},"modified":"2025-06-30T07:22:14","modified_gmt":"2025-06-30T05:22:14","slug":"la-mostra","status":"publish","type":"page","link":"https:\/\/lamostradevalencia.com\/ca\/la-mostra\/","title":{"rendered":"La Mostra"},"content":{"rendered":"<div class=\"wpb-content-wrapper\"><p>[vc_row gap=&#8221;25&#8243; equal_height=&#8221;yes&#8221; content_placement=&#8221;middle&#8221; row_content_width=&#8221;grid&#8221; css=&#8221;.vc_custom_1538649634707{padding-top: 45px !important;padding-bottom: 90px !important;background-color: #000000 !important;}&#8221; simple_background_color=&#8221;#000000&#8243;][vc_column width=&#8221;1\/2&#8243;]<div class=\"edgtf-section-title-holder  edgtf-st-standard edgtf-st-title-left edgtf-st-ratio-1-2 edgtf-st-large-space\" >\n\t<div class=\"edgtf-st-inner\">\n\t\t\t\t\t<h3 class=\"edgtf-st-title\" style=\"color: #ffffff\">\n\t\t\t\tMOSTRA DE VAL\u00c8NCIA\t\t\t<\/h3>\n\t\t\t\t\t\t\t<h6 class=\"edgtf-st-text\" style=\"color: #ffffff\">\n\t\t\t\tCINEMA DEL MEDITERRANI\t\t\t<\/h6>\n\t\t\t<\/div>\n<\/div>[vc_column_text css=&#8221;.vc_custom_1538647530924{padding-top: 15px !important;}&#8221;]<span style=\"color: #ffffff;\"><em>Mostra de Val\u00e8ncia\u2013Cinema del Mediterrani<\/em> \u00e9s una cita per a amants del cinema, tant per a gent experta com aficionada, on s\u2019ajunten el p\u00fablic i les persones creadores per gaudir d\u2019una programaci\u00f3 especialment triada per tal d\u2019acostar-los t\u00edtols de gran qualitat que no es troben habitualment als circuits comercials.<\/span><\/p>\n<p><span style=\"color: #ffffff;\">La programaci\u00f3 de la Mostra \u00e9s, a m\u00e9s, espec\u00edfica d\u2019un espai geogr\u00e0fic i cultural tan definitori de la nostra identitat com \u00e9s la conca mediterr\u00e0nia; un espai divers i plural tan enriquidor com tr\u00e0gic; font d\u2019inspiraci\u00f3 per a la producci\u00f3 art\u00edstica, amb contradiccions, reptes, xocs, esperances i un futur per definir.<\/span>[\/vc_column_text][\/vc_column][vc_column width=&#8221;1\/2&#8243;][vc_single_image image=&#8221;1773&#8243; img_size=&#8221;full&#8221; alignment=&#8221;center&#8221;][\/vc_column][\/vc_row][vc_row gap=&#8221;25&#8243; equal_height=&#8221;yes&#8221; content_placement=&#8221;top&#8221; row_content_width=&#8221;grid&#8221; css=&#8221;.vc_custom_1538649628313{padding-top: 90px !important;padding-bottom: 90px !important;}&#8221;][vc_column width=&#8221;1\/2&#8243; css=&#8221;.vc_custom_1538649563689{padding-bottom: 45px !important;}&#8221;]<div class=\"edgtf-section-title-holder  edgtf-st-standard edgtf-st-title-left edgtf-st-ratio-1-2 edgtf-st-large-space\" style=\"text-align: left\">\n\t<div class=\"edgtf-st-inner\">\n\t\t\t\t\t<h3 class=\"edgtf-st-title\" >\n\t\t\t\tORGANITZACI\u00d3\t\t\t<\/h3>\n\t\t\t\t\t<\/div>\n<\/div>[vc_column_text css=&#8221;.vc_custom_1751260930666{padding-top: 15px !important;}&#8221;]<\/p>\n<p style=\"font-weight: 400;\">La Subdirecci\u00f3\u00a0de Cinematografia\u00a0i Audiovisuals\u00a0del Palau de la M\u00fasica de Val\u00e8ncia \u00e9s\u00a0la responsable de l&#8217;organitzaci\u00f3\u00a0i desenvolupament\u00a0de Mostra de Val\u00e8ncia-Cinema del Mediterrani, amb\u00a0la visi\u00f3\u00a0de construir un projecte s\u00f2lid\u00a0i a llarg termini\u00a0que consolide la Mostra com\u00a0un referent\u00a0cultural de la ciutat\u00a0i per a la ciutat, i amb\u00a0la m\u00e0xima projecci\u00f3 fora\u00a0del nostre territori.<\/p>\n<p>[\/vc_column_text][\/vc_column][vc_column width=&#8221;1\/2&#8243;]<div class=\"edgtf-section-title-holder  edgtf-st-standard edgtf-st-title-left edgtf-st-ratio-1-2 edgtf-st-large-space\" style=\"text-align: left\">\n\t<div class=\"edgtf-st-inner\">\n\t\t\t\t\t<h3 class=\"edgtf-st-title\" >\n\t\t\t\tTRANSPAR\u00c8NCIA\t\t\t<\/h3>\n\t\t\t\t\t<\/div>\n<\/div>[vc_empty_space height=&#8221;25px&#8221;]<a itemprop=\"url\" href=\"http:\/\/www.valencia.es\/transparenciaspl\/ca\/web\/mostra-de-valencia\/inici\" target=\"_self\"  class=\"edgtf-btn edgtf-btn-medium edgtf-btn-simple edgtf-btn- \"  >\n    <span class=\"edgtf-btn-text\">Portal de transpar\u00e8ncia<\/span>\n    <\/a>[vc_separator style=&#8221;shadow&#8221;]<a itemprop=\"url\" href=\"https:\/\/contrataciondelestado.es\/wps\/poc?uri=deeplink%3AperfilContratante&#038;ubicacionOrganica=NG%2FOhfTo9Cw%3D\" target=\"_self\"  class=\"edgtf-btn edgtf-btn-medium edgtf-btn-simple edgtf-btn- \"  >\n    <span class=\"edgtf-btn-text\">Perfil del contractant<\/span>\n    <\/a>[vc_separator style=&#8221;shadow&#8221;]<a itemprop=\"url\" href=\"https:\/\/lamostradevalencia.com\/wp-content\/uploads\/2020\/07\/INFORMACIO\u0301-COMPLEMENTA\u0300RIA-07_20.pdf\" target=\"_self\"  class=\"edgtf-btn edgtf-btn-medium edgtf-btn-simple edgtf-btn- \"  >\n    <span class=\"edgtf-btn-text\">M\u00e9s Informaci\u00f3<\/span>\n    <\/a>[\/vc_column][\/vc_row][vc_row][vc_column][\/vc_column][\/vc_row][vc_row][vc_column][\/vc_column][\/vc_row]<\/p>\n<\/div>","protected":false},"excerpt":{"rendered":"<p>[vc_row gap=&#8221;25&#8243; equal_height=&#8221;yes&#8221; content_placement=&#8221;middle&#8221; row_content_width=&#8221;grid&#8221; css=&#8221;.vc_custom_1538649634707{padding-top: 45px !important;padding-bottom: 90px !important;background-color: #000000 !important;}&#8221; simple_background_color=&#8221;#000000&#8243;][vc_column width=&#8221;1\/2&#8243;][vc_column_text css=&#8221;.vc_custom_1538647530924{padding-top: 15px !important;}&#8221;]Mostra de Val\u00e8ncia\u2013Cinema del Mediterrani \u00e9s una cita per [&hellip;]<\/p>\n","protected":false},"author":1,"featured_media":0,"parent":0,"menu_order":1,"comment_status":"closed","ping_status":"closed","template":"full-width.php","meta":{"_uag_custom_page_level_css":"","_jet_sm_ready_style":"","_jet_sm_style":"","_jet_sm_controls_values":"","_jet_sm_fonts_collection":"","_jet_sm_fonts_links":"","footnotes":""},"class_list":["post-2105","page","type-page","status-publish","hentry"],"yoast_head":"<!-- This site is optimized with the Yoast SEO plugin v27.4 - https:\/\/yoast.com\/product\/yoast-seo-wordpress\/ -->\n<title>La Mostra - Mostra de Val\u00e8ncia<\/title>\n<meta name=\"robots\" content=\"index, follow, max-snippet:-1, max-image-preview:large, max-video-preview:-1\" \/>\n<link rel=\"canonical\" href=\"https:\/\/lamostradevalencia.com\/ca\/la-mostra\/\" \/>\n<meta property=\"og:locale\" content=\"ca_ES\" \/>\n<meta property=\"og:type\" content=\"article\" \/>\n<meta property=\"og:title\" content=\"La Mostra - Mostra de Val\u00e8ncia\" \/>\n<meta property=\"og:description\" content=\"[vc_row gap=&#8221;25&#8243; equal_height=&#8221;yes&#8221; content_placement=&#8221;middle&#8221; row_content_width=&#8221;grid&#8221; css=&#8221;.vc_custom_1538649634707{padding-top: 45px !important;padding-bottom: 90px !important;background-color: #000000 !important;}&#8221; simple_background_color=&#8221;#000000&#8243;][vc_column width=&#8221;1\/2&#8243;][vc_column_text css=&#8221;.vc_custom_1538647530924{padding-top: 15px !important;}&#8221;]Mostra de Val\u00e8ncia\u2013Cinema del Mediterrani \u00e9s una cita per [&hellip;]\" \/>\n<meta property=\"og:url\" content=\"https:\/\/lamostradevalencia.com\/ca\/la-mostra\/\" \/>\n<meta property=\"og:site_name\" content=\"Mostra de Val\u00e8ncia\" \/>\n<meta property=\"article:modified_time\" content=\"2025-06-30T05:22:14+00:00\" \/>\n<meta name=\"twitter:card\" content=\"summary_large_image\" \/>\n<meta name=\"twitter:label1\" content=\"Temps estimat de lectura\" \/>\n\t<meta name=\"twitter:data1\" content=\"2 minuts\" \/>\n<script type=\"application\/ld+json\" class=\"yoast-schema-graph\">{\"@context\":\"https:\\\/\\\/schema.org\",\"@graph\":[{\"@type\":\"WebPage\",\"@id\":\"https:\\\/\\\/lamostradevalencia.com\\\/ca\\\/la-mostra\\\/\",\"url\":\"https:\\\/\\\/lamostradevalencia.com\\\/ca\\\/la-mostra\\\/\",\"name\":\"La Mostra - Mostra de Val\u00e8ncia\",\"isPartOf\":{\"@id\":\"https:\\\/\\\/lamostradevalencia.com\\\/ca\\\/#website\"},\"datePublished\":\"2018-10-04T09:59:55+00:00\",\"dateModified\":\"2025-06-30T05:22:14+00:00\",\"breadcrumb\":{\"@id\":\"https:\\\/\\\/lamostradevalencia.com\\\/ca\\\/la-mostra\\\/#breadcrumb\"},\"inLanguage\":\"ca\",\"potentialAction\":[{\"@type\":\"ReadAction\",\"target\":[\"https:\\\/\\\/lamostradevalencia.com\\\/ca\\\/la-mostra\\\/\"]}]},{\"@type\":\"BreadcrumbList\",\"@id\":\"https:\\\/\\\/lamostradevalencia.com\\\/ca\\\/la-mostra\\\/#breadcrumb\",\"itemListElement\":[{\"@type\":\"ListItem\",\"position\":1,\"name\":\"Portada\",\"item\":\"https:\\\/\\\/lamostradevalencia.com\\\/ca\\\/\"},{\"@type\":\"ListItem\",\"position\":2,\"name\":\"La Mostra\"}]},{\"@type\":\"WebSite\",\"@id\":\"https:\\\/\\\/lamostradevalencia.com\\\/ca\\\/#website\",\"url\":\"https:\\\/\\\/lamostradevalencia.com\\\/ca\\\/\",\"name\":\"Mostra de Val\u00e8ncia\",\"description\":\"Cinema del Mediterrani\",\"potentialAction\":[{\"@type\":\"SearchAction\",\"target\":{\"@type\":\"EntryPoint\",\"urlTemplate\":\"https:\\\/\\\/lamostradevalencia.com\\\/ca\\\/?s={search_term_string}\"},\"query-input\":{\"@type\":\"PropertyValueSpecification\",\"valueRequired\":true,\"valueName\":\"search_term_string\"}}],\"inLanguage\":\"ca\"}]}<\/script>\n<!-- \/ Yoast SEO plugin. -->","yoast_head_json":{"title":"La Mostra - Mostra de Val\u00e8ncia","robots":{"index":"index","follow":"follow","max-snippet":"max-snippet:-1","max-image-preview":"max-image-preview:large","max-video-preview":"max-video-preview:-1"},"canonical":"https:\/\/lamostradevalencia.com\/ca\/la-mostra\/","og_locale":"ca_ES","og_type":"article","og_title":"La Mostra - Mostra de Val\u00e8ncia","og_description":"[vc_row gap=&#8221;25&#8243; equal_height=&#8221;yes&#8221; content_placement=&#8221;middle&#8221; row_content_width=&#8221;grid&#8221; css=&#8221;.vc_custom_1538649634707{padding-top: 45px !important;padding-bottom: 90px !important;background-color: #000000 !important;}&#8221; simple_background_color=&#8221;#000000&#8243;][vc_column width=&#8221;1\/2&#8243;][vc_column_text css=&#8221;.vc_custom_1538647530924{padding-top: 15px !important;}&#8221;]Mostra de Val\u00e8ncia\u2013Cinema del Mediterrani \u00e9s una cita per [&hellip;]","og_url":"https:\/\/lamostradevalencia.com\/ca\/la-mostra\/","og_site_name":"Mostra de Val\u00e8ncia","article_modified_time":"2025-06-30T05:22:14+00:00","twitter_card":"summary_large_image","twitter_misc":{"Temps estimat de lectura":"2 minuts"},"schema":{"@context":"https:\/\/schema.org","@graph":[{"@type":"WebPage","@id":"https:\/\/lamostradevalencia.com\/ca\/la-mostra\/","url":"https:\/\/lamostradevalencia.com\/ca\/la-mostra\/","name":"La Mostra - Mostra de Val\u00e8ncia","isPartOf":{"@id":"https:\/\/lamostradevalencia.com\/ca\/#website"},"datePublished":"2018-10-04T09:59:55+00:00","dateModified":"2025-06-30T05:22:14+00:00","breadcrumb":{"@id":"https:\/\/lamostradevalencia.com\/ca\/la-mostra\/#breadcrumb"},"inLanguage":"ca","potentialAction":[{"@type":"ReadAction","target":["https:\/\/lamostradevalencia.com\/ca\/la-mostra\/"]}]},{"@type":"BreadcrumbList","@id":"https:\/\/lamostradevalencia.com\/ca\/la-mostra\/#breadcrumb","itemListElement":[{"@type":"ListItem","position":1,"name":"Portada","item":"https:\/\/lamostradevalencia.com\/ca\/"},{"@type":"ListItem","position":2,"name":"La Mostra"}]},{"@type":"WebSite","@id":"https:\/\/lamostradevalencia.com\/ca\/#website","url":"https:\/\/lamostradevalencia.com\/ca\/","name":"Mostra de Val\u00e8ncia","description":"Cinema del Mediterrani","potentialAction":[{"@type":"SearchAction","target":{"@type":"EntryPoint","urlTemplate":"https:\/\/lamostradevalencia.com\/ca\/?s={search_term_string}"},"query-input":{"@type":"PropertyValueSpecification","valueRequired":true,"valueName":"search_term_string"}}],"inLanguage":"ca"}]}},"uagb_featured_image_src":{"full":false,"thumbnail":false,"medium":false,"medium_large":false,"large":false,"1536x1536":false,"2048x2048":false,"cinerama_edge_image_square":false,"cinerama_edge_image_landscape":false,"cinerama_edge_image_portrait":false,"cinerama_edge_image_huge":false,"gform-image-choice-sm":false,"gform-image-choice-md":false,"gform-image-choice-lg":false},"uagb_author_info":{"display_name":"Mostra de Val\u00e8ncia","author_link":"https:\/\/lamostradevalencia.com\/ca\/author\/mostravalencia\/"},"uagb_comment_info":0,"uagb_excerpt":"[vc_row gap=&#8221;25&#8243; equal_height=&#8221;yes&#8221; content_placement=&#8221;middle&#8221; row_content_width=&#8221;grid&#8221; css=&#8221;.vc_custom_1538649634707{padding-top: 45px !important;padding-bottom: 90px !important;background-color: #000000 !important;}&#8221; simple_background_color=&#8221;#000000&#8243;][vc_column width=&#8221;1\/2&#8243;][vc_column_text css=&#8221;.vc_custom_1538647530924{padding-top: 15px !important;}&#8221;]Mostra de Val\u00e8ncia\u2013Cinema del Mediterrani \u00e9s una cita per [&hellip;]","_links":{"self":[{"href":"https:\/\/lamostradevalencia.com\/ca\/wp-json\/wp\/v2\/pages\/2105","targetHints":{"allow":["GET"]}}],"collection":[{"href":"https:\/\/lamostradevalencia.com\/ca\/wp-json\/wp\/v2\/pages"}],"about":[{"href":"https:\/\/lamostradevalencia.com\/ca\/wp-json\/wp\/v2\/types\/page"}],"author":[{"embeddable":true,"href":"https:\/\/lamostradevalencia.com\/ca\/wp-json\/wp\/v2\/users\/1"}],"replies":[{"embeddable":true,"href":"https:\/\/lamostradevalencia.com\/ca\/wp-json\/wp\/v2\/comments?post=2105"}],"version-history":[{"count":13,"href":"https:\/\/lamostradevalencia.com\/ca\/wp-json\/wp\/v2\/pages\/2105\/revisions"}],"predecessor-version":[{"id":26639,"href":"https:\/\/lamostradevalencia.com\/ca\/wp-json\/wp\/v2\/pages\/2105\/revisions\/26639"}],"wp:attachment":[{"href":"https:\/\/lamostradevalencia.com\/ca\/wp-json\/wp\/v2\/media?parent=2105"}],"curies":[{"name":"wp","href":"https:\/\/api.w.org\/{rel}","templated":true}]}}

<div class="wpb-content-wrapper"><p>[vc_row gap=&#8221;25&#8243; equal_height=&#8221;yes&#8221; content_placement=&#8221;middle&#8221; row_content_width=&#8221;grid&#8221; css=&#8221;.vc_custom_1538649634707{padding-top: 45px !important;padding-bottom: 90px !important;background-color: #000000 !important;}&#8221; simple_background_color=&#8221;#000000&#8243;][vc_column width=&#8221;1/2&#8243;]<div class="edgtf-section-title-holder  edgtf-st-standard edgtf-st-title-left edgtf-st-ratio-1-2 edgtf-st-large-space" >
	<div class="edgtf-st-inner">
					<h3 class="edgtf-st-title" style="color: #ffffff">
				MOSTRA DE VALÈNCIA			</h3>
							<h6 class="edgtf-st-text" style="color: #ffffff">
				CINEMA DEL MEDITERRANI			</h6>
			</div>
</div>[vc_column_text css=&#8221;.vc_custom_1538647530924{padding-top: 15px !important;}&#8221;]<span style="color: #ffffff;"><em>Mostra de València–Cinema del Mediterrani</em> és una cita per a amants del cinema, tant per a gent experta com aficionada, on s’ajunten el públic i les persones creadores per gaudir d’una programació especialment triada per tal d’acostar-los títols de gran qualitat que no es troben habitualment als circuits comercials.</span></p>
<p><span style="color: #ffffff;">La programació de la Mostra és, a més, específica d’un espai geogràfic i cultural tan definitori de la nostra identitat com és la conca mediterrània; un espai divers i plural tan enriquidor com tràgic; font d’inspiració per a la producció artística, amb contradiccions, reptes, xocs, esperances i un futur per definir.</span>[/vc_column_text][/vc_column][vc_column width=&#8221;1/2&#8243;][vc_single_image image=&#8221;1773&#8243; img_size=&#8221;full&#8221; alignment=&#8221;center&#8221;][/vc_column][/vc_row][vc_row gap=&#8221;25&#8243; equal_height=&#8221;yes&#8221; content_placement=&#8221;top&#8221; row_content_width=&#8221;grid&#8221; css=&#8221;.vc_custom_1538649628313{padding-top: 90px !important;padding-bottom: 90px !important;}&#8221;][vc_column width=&#8221;1/2&#8243; css=&#8221;.vc_custom_1538649563689{padding-bottom: 45px !important;}&#8221;]<div class="edgtf-section-title-holder  edgtf-st-standard edgtf-st-title-left edgtf-st-ratio-1-2 edgtf-st-large-space" style="text-align: left">
	<div class="edgtf-st-inner">
					<h3 class="edgtf-st-title" >
				ORGANITZACIÓ			</h3>
					</div>
</div>[vc_column_text css=&#8221;.vc_custom_1751260930666{padding-top: 15px !important;}&#8221;]</p>
<p style="font-weight: 400;">La Subdirecció de Cinematografia i Audiovisuals del Palau de la Música de València és la responsable de l&#8217;organització i desenvolupament de Mostra de València-Cinema del Mediterrani, amb la visió de construir un projecte sòlid i a llarg termini que consolide la Mostra com un referent cultural de la ciutat i per a la ciutat, i amb la màxima projecció fora del nostre territori.</p>
<p>[/vc_column_text][/vc_column][vc_column width=&#8221;1/2&#8243;]<div class="edgtf-section-title-holder  edgtf-st-standard edgtf-st-title-left edgtf-st-ratio-1-2 edgtf-st-large-space" style="text-align: left">
	<div class="edgtf-st-inner">
					<h3 class="edgtf-st-title" >
				TRANSPARÈNCIA			</h3>
					</div>
</div>[vc_empty_space height=&#8221;25px&#8221;]<a itemprop="url" href="http://www.valencia.es/transparenciaspl/ca/web/mostra-de-valencia/inici" target="_self"  class="edgtf-btn edgtf-btn-medium edgtf-btn-simple edgtf-btn- "  >
    <span class="edgtf-btn-text">Portal de transparència</span>
    </a>[vc_separator style=&#8221;shadow&#8221;]<a itemprop="url" href="https://contrataciondelestado.es/wps/poc?uri=deeplink%3AperfilContratante&#038;ubicacionOrganica=NG%2FOhfTo9Cw%3D" target="_self"  class="edgtf-btn edgtf-btn-medium edgtf-btn-simple edgtf-btn- "  >
    <span class="edgtf-btn-text">Perfil del contractant</span>
    </a>[vc_separator style=&#8221;shadow&#8221;]<a itemprop="url" href="https://lamostradevalencia.com/wp-content/uploads/2020/07/INFORMACIÓ-COMPLEMENTÀRIA-07_20.pdf" target="_self"  class="edgtf-btn edgtf-btn-medium edgtf-btn-simple edgtf-btn- "  >
    <span class="edgtf-btn-text">Més Informació</span>
    </a>[/vc_column][/vc_row][vc_row][vc_column][/vc_column][/vc_row][vc_row][vc_column][/vc_column][/vc_row]</p>
</div>

<p>[vc_row gap=&#8221;25&#8243; equal_height=&#8221;yes&#8221; content_placement=&#8221;middle&#8221; row_content_width=&#8221;grid&#8221; css=&#8221;.vc_custom_1538649634707{padding-top: 45px !important;padding-bottom: 90px !important;background-color: #000000 !important;}&#8221; simple_background_color=&#8221;#000000&#8243;][vc_column width=&#8221;1/2&#8243;][vc_column_text css=&#8221;.vc_custom_1538647530924{padding-top: 15px !important;}&#8221;]Mostra de València–Cinema del Mediterrani és una cita per [&hellip;]</p>

<!-- This site is optimized with the Yoast SEO plugin v27.4 - https://yoast.com/product/yoast-seo-wordpress/ -->
<title>La Mostra - Mostra de València</title>
<meta name="robots" content="index, follow, max-snippet:-1, max-image-preview:large, max-video-preview:-1" />
<link rel="canonical" href="https://lamostradevalencia.com/ca/la-mostra/" />
<meta property="og:locale" content="ca_ES" />
<meta property="og:type" content="article" />
<meta property="og:title" content="La Mostra - Mostra de València" />
<meta property="og:description" content="[vc_row gap=&#8221;25&#8243; equal_height=&#8221;yes&#8221; content_placement=&#8221;middle&#8221; row_content_width=&#8221;grid&#8221; css=&#8221;.vc_custom_1538649634707{padding-top: 45px !important;padding-bottom: 90px !important;background-color: #000000 !important;}&#8221; simple_background_color=&#8221;#000000&#8243;][vc_column width=&#8221;1/2&#8243;][vc_column_text css=&#8221;.vc_custom_1538647530924{padding-top: 15px !important;}&#8221;]Mostra de València–Cinema del Mediterrani és una cita per [&hellip;]" />
<meta property="og:url" content="https://lamostradevalencia.com/ca/la-mostra/" />
<meta property="og:site_name" content="Mostra de València" />
<meta property="article:modified_time" content="2025-06-30T05:22:14+00:00" />
<meta name="twitter:card" content="summary_large_image" />
<meta name="twitter:label1" content="Temps estimat de lectura" />
	<meta name="twitter:data1" content="2 minuts" />
<script type="application/ld+json" class="yoast-schema-graph">{"@context":"https:\/\/schema.org","@graph":[{"@type":"WebPage","@id":"https:\/\/lamostradevalencia.com\/ca\/la-mostra\/","url":"https:\/\/lamostradevalencia.com\/ca\/la-mostra\/","name":"La Mostra - Mostra de València","isPartOf":{"@id":"https:\/\/lamostradevalencia.com\/ca\/#website"},"datePublished":"2018-10-04T09:59:55+00:00","dateModified":"2025-06-30T05:22:14+00:00","breadcrumb":{"@id":"https:\/\/lamostradevalencia.com\/ca\/la-mostra\/#breadcrumb"},"inLanguage":"ca","potentialAction":[{"@type":"ReadAction","target":["https:\/\/lamostradevalencia.com\/ca\/la-mostra\/"]}]},{"@type":"BreadcrumbList","@id":"https:\/\/lamostradevalencia.com\/ca\/la-mostra\/#breadcrumb","itemListElement":[{"@type":"ListItem","position":1,"name":"Portada","item":"https:\/\/lamostradevalencia.com\/ca\/"},{"@type":"ListItem","position":2,"name":"La Mostra"}]},{"@type":"WebSite","@id":"https:\/\/lamostradevalencia.com\/ca\/#website","url":"https:\/\/lamostradevalencia.com\/ca\/","name":"Mostra de València","description":"Cinema del Mediterrani","potentialAction":[{"@type":"SearchAction","target":{"@type":"EntryPoint","urlTemplate":"https:\/\/lamostradevalencia.com\/ca\/?s={search_term_string}"},"query-input":{"@type":"PropertyValueSpecification","valueRequired":true,"valueName":"search_term_string"}}],"inLanguage":"ca"}]}</script>
<!-- / Yoast SEO plugin. -->

La Mostra - Mostra de València

[vc_row gap=&#8221;25&#8243; equal_height=&#8221;yes&#8221; content_placement=&#8221;middle&#8221; row_content_width=&#8221;grid&#8221; css=&#8221;.vc_custom_1538649634707{padding-top: 45px !important;padding-bottom: 90px !important;background-color: #000000 !important;}&#8221; simple_background_color=&#8221;#000000&#8243;][vc_column width=&#8221;1/2&#8243;][vc_column_text css=&#8221;.vc_custom_1538647530924{padding-top: 15px !important;}&#8221;]Mostra de València–Cinema del Mediterrani és una cita per [&hellip;]

Mostra de València
